{"id":998,"date":"2024-03-21T16:38:40","date_gmt":"2024-03-21T16:38:40","guid":{"rendered":"https:\/\/casadolivreiro.pt\/?post_type=product&#038;p=998"},"modified":"2024-03-21T16:38:40","modified_gmt":"2024-03-21T16:38:40","slug":"manual-de-tecnicas-de-laboratorio-e-fabricacao-de-acucar-de-cana","status":"publish","type":"product","link":"https:\/\/casadolivreiro.pt\/index.php\/product\/manual-de-tecnicas-de-laboratorio-e-fabricacao-de-acucar-de-cana\/","title":{"rendered":"MANUAL DE T\u00c9CNICAS DE LABORAT\u00d3RIO E FABRICA\u00c7\u00c3O DE A\u00c7\u00daCAR DE CANA"},"content":{"rendered":"<p>MANUAL DE T\u00c9CNICAS DE LABORAT\u00d3RIO E FABRICA\u00c7\u00c3O DE A\u00c7\u00daCAR DE CANA<br \/>\nTrabalho elaborado pela equipe da Esta\u00e7\u00e3o Experimental de Cana-de-A\u00e7\u00facar de Alagoas<br \/>\nAno de edi\u00e7\u00e3o:\u00a0 1975<br \/>\nEditor: M.I.C. Instituto do A\u00e7\u00facar e do \u00c1lcool, Rio<br \/>\nIdioma: Portugu\u00eas<br \/>\nDimens\u00f5es: 13.5 \u00a0x 2.1 x 21 cm<br \/>\nEncaderna\u00e7\u00e3o: Capa mole.<br \/>\nP\u00e1ginas: 359<\/p>\n","protected":false},"excerpt":{"rendered":"<p>MANUAL DE T\u00c9CNICAS DE LABORAT\u00d3RIO E FABRICA\u00c7\u00c3O DE A\u00c7\u00daCAR DE CANA Trabalho elaborado pela equipe da Esta\u00e7\u00e3o Experimental de Cana-de-A\u00e7\u00facar de Alagoas Ano de edi\u00e7\u00e3o:\u00a0 1975 Editor: M.I.C. Instituto do A\u00e7\u00facar e do \u00c1lcool, Rio Idioma: Portugu\u00eas Dimens\u00f5es: 13.5 \u00a0x 2.1 x 21 cm Encaderna\u00e7\u00e3o: Capa mole. P\u00e1ginas: 359<\/p>\n","protected":false},"featured_media":999,"comment_status":"open","ping_status":"closed","template":"","meta":{"om_disable_all_campaigns":false,"_monsterinsights_skip_tracking":false,"_monsterinsights_sitenote_active":false,"_monsterinsights_sitenote_note":"","_monsterinsights_sitenote_category":0,"_uf_show_specific_survey":0,"_uf_disable_surveys":false},"product_cat":[32],"product_tag":[],"aioseo_notices":[],"jetpack_sharing_enabled":true,"_links":{"self":[{"href":"https:\/\/casadolivreiro.pt\/index.php\/wp-json\/wp\/v2\/product\/998"}],"collection":[{"href":"https:\/\/casadolivreiro.pt\/index.php\/wp-json\/wp\/v2\/product"}],"about":[{"href":"https:\/\/casadolivreiro.pt\/index.php\/wp-json\/wp\/v2\/types\/product"}],"replies":[{"embeddable":true,"href":"https:\/\/casadolivreiro.pt\/index.php\/wp-json\/wp\/v2\/comments?post=998"}],"wp:featuredmedia":[{"embeddable":true,"href":"https:\/\/casadolivreiro.pt\/index.php\/wp-json\/wp\/v2\/media\/999"}],"wp:attachment":[{"href":"https:\/\/casadolivreiro.pt\/index.php\/wp-json\/wp\/v2\/media?parent=998"}],"wp:term":[{"taxonomy":"product_cat","embeddable":true,"href":"https:\/\/casadolivreiro.pt\/index.php\/wp-json\/wp\/v2\/product_cat?post=998"},{"taxonomy":"product_tag","embeddable":true,"href":"https:\/\/casadolivreiro.pt\/index.php\/wp-json\/wp\/v2\/product_tag?post=998"}],"curies":[{"name":"wp","href":"https:\/\/api.w.org\/{rel}","templated":true}]}}