{"id":981,"date":"2024-03-21T16:02:45","date_gmt":"2024-03-21T16:02:45","guid":{"rendered":"https:\/\/casadolivreiro.pt\/?post_type=product&#038;p=981"},"modified":"2024-03-21T16:02:45","modified_gmt":"2024-03-21T16:02:45","slug":"historia-universal-4-vols-circulo-de-leitores-1989","status":"publish","type":"product","link":"https:\/\/casadolivreiro.pt\/index.php\/product\/historia-universal-4-vols-circulo-de-leitores-1989\/","title":{"rendered":"HIST\u00d3RIA UNIVERSAL. (4 VOLS) -C\u00edrculo de Leitores, 1989"},"content":{"rendered":"<p>HIST\u00d3RIA UNIVERSAL. (4 VOLS)<br \/>\nAno de edi\u00e7\u00e3o:\u00a0 1989<br \/>\nEditor: C\u00edrculo de Leitores. Lisboa<br \/>\nIdioma: Portugu\u00eas<br \/>\nDimens\u00f5es: 20 x v\u00e1rios x 27 cm<br \/>\nEncaderna\u00e7\u00e3o: Capa dura. Encaderna\u00e7\u00f5es em percalina com nervos, 2 r\u00f3tulos e ferros a ouro.<br \/>\nP\u00e1ginas: v\u00e1rios<br \/>\nTradu\u00e7\u00e3o: Maria Irene Martins Vieira.<\/p>\n<p>4 Volumes com 303; 304; 295; 303 p\u00e1gs.<\/p>\n<p>I &#8211; O Homem nas suas origens; Mundo Pr\u00e9-cl\u00e1ssico; Antiguidade Cl\u00e1ssica.<\/p>\n<p>II &#8211; Antiguidade Cl\u00e1ssica; Idade M\u00e9dia.<\/p>\n<p>III &#8211; Renascimento; Guerra de Secess\u00e3o.<\/p>\n<p>IV &#8211; Imperialismo Moderno; Guerras Mundiais; A D\u00e9cada de 80.<\/p>\n","protected":false},"excerpt":{"rendered":"<p>HIST\u00d3RIA UNIVERSAL. (4 VOLS) Ano de edi\u00e7\u00e3o:\u00a0 1989 Editor: C\u00edrculo de Leitores. Lisboa Idioma: Portugu\u00eas Dimens\u00f5es: 20 x v\u00e1rios x 27 cm Encaderna\u00e7\u00e3o: Capa dura. Encaderna\u00e7\u00f5es em percalina com nervos, 2 r\u00f3tulos e ferros a ouro. P\u00e1ginas: v\u00e1rios Tradu\u00e7\u00e3o: Maria Irene Martins Vieira. 4 Volumes com 303; 304; 295; 303 p\u00e1gs. I &#8211; O Homem [&hellip;]<\/p>\n","protected":false},"featured_media":982,"comment_status":"open","ping_status":"closed","template":"","meta":{"om_disable_all_campaigns":false,"_monsterinsights_skip_tracking":false,"_monsterinsights_sitenote_active":false,"_monsterinsights_sitenote_note":"","_monsterinsights_sitenote_category":0,"_uf_show_specific_survey":0,"_uf_disable_surveys":false},"product_cat":[46,30],"product_tag":[],"aioseo_notices":[],"jetpack_sharing_enabled":true,"_links":{"self":[{"href":"https:\/\/casadolivreiro.pt\/index.php\/wp-json\/wp\/v2\/product\/981"}],"collection":[{"href":"https:\/\/casadolivreiro.pt\/index.php\/wp-json\/wp\/v2\/product"}],"about":[{"href":"https:\/\/casadolivreiro.pt\/index.php\/wp-json\/wp\/v2\/types\/product"}],"replies":[{"embeddable":true,"href":"https:\/\/casadolivreiro.pt\/index.php\/wp-json\/wp\/v2\/comments?post=981"}],"wp:featuredmedia":[{"embeddable":true,"href":"https:\/\/casadolivreiro.pt\/index.php\/wp-json\/wp\/v2\/media\/982"}],"wp:attachment":[{"href":"https:\/\/casadolivreiro.pt\/index.php\/wp-json\/wp\/v2\/media?parent=981"}],"wp:term":[{"taxonomy":"product_cat","embeddable":true,"href":"https:\/\/casadolivreiro.pt\/index.php\/wp-json\/wp\/v2\/product_cat?post=981"},{"taxonomy":"product_tag","embeddable":true,"href":"https:\/\/casadolivreiro.pt\/index.php\/wp-json\/wp\/v2\/product_tag?post=981"}],"curies":[{"name":"wp","href":"https:\/\/api.w.org\/{rel}","templated":true}]}}