{"id":909,"date":"2024-03-21T12:27:59","date_gmt":"2024-03-21T12:27:59","guid":{"rendered":"https:\/\/casadolivreiro.pt\/?post_type=product&#038;p=909"},"modified":"2024-03-21T12:27:59","modified_gmt":"2024-03-21T12:27:59","slug":"a-filha-do-regente-vols-1-e-2-jean-plaidy","status":"publish","type":"product","link":"https:\/\/casadolivreiro.pt\/index.php\/product\/a-filha-do-regente-vols-1-e-2-jean-plaidy\/","title":{"rendered":"A FILHA DO REGENTE, Vols. 1 e 2 &#8211;  Jean Plaidy"},"content":{"rendered":"<p>A FILHA DO REGENTE, Vols. 1 e 2<br \/>\nJean Plaidy<br \/>\nColec\u00e7\u00e3o Grandes Romances Universais No.3<br \/>\nAno de edi\u00e7\u00e3o: 1971<br \/>\nEditor: Edi\u00e7\u00f5es D\u00eaag\u00e1, Lisboa<br \/>\nIdioma: Portugu\u00eas<br \/>\nDimens\u00f5es: 11 x 2.7 x 18 cm<br \/>\nEncaderna\u00e7\u00e3o: Capa dura<br \/>\nP\u00e1ginas: 216<\/p>\n","protected":false},"excerpt":{"rendered":"<p>A FILHA DO REGENTE, Vols. 1 e 2 Jean Plaidy Colec\u00e7\u00e3o Grandes Romances Universais No.3 Ano de edi\u00e7\u00e3o: 1971 Editor: Edi\u00e7\u00f5es D\u00eaag\u00e1, Lisboa Idioma: Portugu\u00eas Dimens\u00f5es: 11 x 2.7 x 18 cm Encaderna\u00e7\u00e3o: Capa dura P\u00e1ginas: 216<\/p>\n","protected":false},"featured_media":911,"comment_status":"open","ping_status":"closed","template":"","meta":{"om_disable_all_campaigns":false,"_monsterinsights_skip_tracking":false,"_monsterinsights_sitenote_active":false,"_monsterinsights_sitenote_note":"","_monsterinsights_sitenote_category":0,"_uf_show_specific_survey":0,"_uf_disable_surveys":false},"product_cat":[26,37],"product_tag":[],"aioseo_notices":[],"jetpack_sharing_enabled":true,"_links":{"self":[{"href":"https:\/\/casadolivreiro.pt\/index.php\/wp-json\/wp\/v2\/product\/909"}],"collection":[{"href":"https:\/\/casadolivreiro.pt\/index.php\/wp-json\/wp\/v2\/product"}],"about":[{"href":"https:\/\/casadolivreiro.pt\/index.php\/wp-json\/wp\/v2\/types\/product"}],"replies":[{"embeddable":true,"href":"https:\/\/casadolivreiro.pt\/index.php\/wp-json\/wp\/v2\/comments?post=909"}],"wp:featuredmedia":[{"embeddable":true,"href":"https:\/\/casadolivreiro.pt\/index.php\/wp-json\/wp\/v2\/media\/911"}],"wp:attachment":[{"href":"https:\/\/casadolivreiro.pt\/index.php\/wp-json\/wp\/v2\/media?parent=909"}],"wp:term":[{"taxonomy":"product_cat","embeddable":true,"href":"https:\/\/casadolivreiro.pt\/index.php\/wp-json\/wp\/v2\/product_cat?post=909"},{"taxonomy":"product_tag","embeddable":true,"href":"https:\/\/casadolivreiro.pt\/index.php\/wp-json\/wp\/v2\/product_tag?post=909"}],"curies":[{"name":"wp","href":"https:\/\/api.w.org\/{rel}","templated":true}]}}