{"id":865,"date":"2024-03-18T23:14:38","date_gmt":"2024-03-18T23:14:38","guid":{"rendered":"https:\/\/casadolivreiro.pt\/?post_type=product&#038;p=865"},"modified":"2026-01-11T15:43:47","modified_gmt":"2026-01-11T15:43:47","slug":"de-vibora-na-mao-herve-bazin-coleccao-livros-unibolso-no-29","status":"publish","type":"product","link":"https:\/\/casadolivreiro.pt\/index.php\/product\/de-vibora-na-mao-herve-bazin-coleccao-livros-unibolso-no-29\/","title":{"rendered":"DE V\u00cdBORA NA M\u00c3O &#8211;  Herv\u00e9 Bazin, Colec\u00e7\u00e3o Livros Unibolso \u2013 No.29"},"content":{"rendered":"<p>DE V\u00cdBORA NA M\u00c3O<br \/>\nHerv\u00e9 Bazin<br \/>\nColec\u00e7\u00e3o Livros Unibolso \u2013 No.29<br \/>\nAno de edi\u00e7\u00e3o: 1973?<br \/>\nEditor: Editores Associados, Lisboa<br \/>\nIdioma: Portugu\u00eas<br \/>\nDimens\u00f5es: 12 x 1.2 x 18 cm<br \/>\nEncaderna\u00e7\u00e3o: Capa mole<br \/>\nP\u00e1ginas: 187<\/p>\n","protected":false},"excerpt":{"rendered":"<p>DE V\u00cdBORA NA M\u00c3O Herv\u00e9 Bazin Colec\u00e7\u00e3o Livros Unibolso \u2013 No.29 Ano de edi\u00e7\u00e3o: 1973? Editor: Editores Associados, Lisboa Idioma: Portugu\u00eas Dimens\u00f5es: 12 x 1.2 x 18 cm Encaderna\u00e7\u00e3o: Capa mole P\u00e1ginas: 187<\/p>\n","protected":false},"featured_media":866,"comment_status":"open","ping_status":"closed","template":"","meta":{"om_disable_all_campaigns":false,"_monsterinsights_skip_tracking":false,"_monsterinsights_sitenote_active":false,"_monsterinsights_sitenote_note":"","_monsterinsights_sitenote_category":0,"_uf_show_specific_survey":0,"_uf_disable_surveys":false},"product_cat":[26,37],"product_tag":[],"aioseo_notices":[],"jetpack_sharing_enabled":true,"_links":{"self":[{"href":"https:\/\/casadolivreiro.pt\/index.php\/wp-json\/wp\/v2\/product\/865"}],"collection":[{"href":"https:\/\/casadolivreiro.pt\/index.php\/wp-json\/wp\/v2\/product"}],"about":[{"href":"https:\/\/casadolivreiro.pt\/index.php\/wp-json\/wp\/v2\/types\/product"}],"replies":[{"embeddable":true,"href":"https:\/\/casadolivreiro.pt\/index.php\/wp-json\/wp\/v2\/comments?post=865"}],"wp:featuredmedia":[{"embeddable":true,"href":"https:\/\/casadolivreiro.pt\/index.php\/wp-json\/wp\/v2\/media\/866"}],"wp:attachment":[{"href":"https:\/\/casadolivreiro.pt\/index.php\/wp-json\/wp\/v2\/media?parent=865"}],"wp:term":[{"taxonomy":"product_cat","embeddable":true,"href":"https:\/\/casadolivreiro.pt\/index.php\/wp-json\/wp\/v2\/product_cat?post=865"},{"taxonomy":"product_tag","embeddable":true,"href":"https:\/\/casadolivreiro.pt\/index.php\/wp-json\/wp\/v2\/product_tag?post=865"}],"curies":[{"name":"wp","href":"https:\/\/api.w.org\/{rel}","templated":true}]}}