{"id":852,"date":"2024-03-18T21:00:05","date_gmt":"2024-03-18T21:00:05","guid":{"rendered":"https:\/\/casadolivreiro.pt\/?post_type=product&#038;p=852"},"modified":"2024-03-18T21:00:05","modified_gmt":"2024-03-18T21:00:05","slug":"nana-helena-sanches-osorio","status":"publish","type":"product","link":"https:\/\/casadolivreiro.pt\/index.php\/product\/nana-helena-sanches-osorio\/","title":{"rendered":"NANA &#8211; Helena Sanches Os\u00f3rio"},"content":{"rendered":"<p>NANA<br \/>\nHelena Sanches Os\u00f3rio<br \/>\nISBN: 972-42-2090-7<br \/>\nAno de edi\u00e7\u00e3o: 1999<br \/>\nEditor: Circulo de Leitores<br \/>\nIdioma: Portugu\u00eas<br \/>\nDimens\u00f5es: 12 x 1.7 x 20 cm<br \/>\nEncaderna\u00e7\u00e3o: Capa dura<br \/>\nP\u00e1ginas: 235<\/p>\n","protected":false},"excerpt":{"rendered":"<p>NANA Helena Sanches Os\u00f3rio ISBN: 972-42-2090-7 Ano de edi\u00e7\u00e3o: 1999 Editor: Circulo de Leitores Idioma: Portugu\u00eas Dimens\u00f5es: 12 x 1.7 x 20 cm Encaderna\u00e7\u00e3o: Capa dura P\u00e1ginas: 235<\/p>\n","protected":false},"featured_media":853,"comment_status":"open","ping_status":"closed","template":"","meta":{"om_disable_all_campaigns":false,"_monsterinsights_skip_tracking":false,"_monsterinsights_sitenote_active":false,"_monsterinsights_sitenote_note":"","_monsterinsights_sitenote_category":0,"_uf_show_specific_survey":0,"_uf_disable_surveys":false},"product_cat":[25],"product_tag":[],"aioseo_notices":[],"jetpack_sharing_enabled":true,"_links":{"self":[{"href":"https:\/\/casadolivreiro.pt\/index.php\/wp-json\/wp\/v2\/product\/852"}],"collection":[{"href":"https:\/\/casadolivreiro.pt\/index.php\/wp-json\/wp\/v2\/product"}],"about":[{"href":"https:\/\/casadolivreiro.pt\/index.php\/wp-json\/wp\/v2\/types\/product"}],"replies":[{"embeddable":true,"href":"https:\/\/casadolivreiro.pt\/index.php\/wp-json\/wp\/v2\/comments?post=852"}],"wp:featuredmedia":[{"embeddable":true,"href":"https:\/\/casadolivreiro.pt\/index.php\/wp-json\/wp\/v2\/media\/853"}],"wp:attachment":[{"href":"https:\/\/casadolivreiro.pt\/index.php\/wp-json\/wp\/v2\/media?parent=852"}],"wp:term":[{"taxonomy":"product_cat","embeddable":true,"href":"https:\/\/casadolivreiro.pt\/index.php\/wp-json\/wp\/v2\/product_cat?post=852"},{"taxonomy":"product_tag","embeddable":true,"href":"https:\/\/casadolivreiro.pt\/index.php\/wp-json\/wp\/v2\/product_tag?post=852"}],"curies":[{"name":"wp","href":"https:\/\/api.w.org\/{rel}","templated":true}]}}