{"id":7053,"date":"2026-03-31T20:13:38","date_gmt":"2026-03-31T20:13:38","guid":{"rendered":"https:\/\/casadolivreiro.pt\/?post_type=product&#038;p=7053"},"modified":"2026-03-31T20:13:38","modified_gmt":"2026-03-31T20:13:38","slug":"almas-rusticas-carlos-sombrio","status":"publish","type":"product","link":"https:\/\/casadolivreiro.pt\/index.php\/product\/almas-rusticas-carlos-sombrio\/","title":{"rendered":"ALMAS R\u00daSTICAS &#8211; Carlos Sombrio"},"content":{"rendered":"<p>ALMAS R\u00daSTICAS<\/p>\n<p>Carlos Sombrio<\/p>\n<p>Ano de edi\u00e7\u00e3o: 1948 (Autografado)<\/p>\n<p>Editor: Edi\u00e7\u00f5es Homo, Lisboa<\/p>\n<p>Idioma: Portugu\u00eas<\/p>\n<p>Dimens\u00f5es: 14 x 1 x 20cm<\/p>\n<p>Encaderna\u00e7\u00e3o: Capa mole<\/p>\n<p>P\u00e1ginas: 145<\/p>\n","protected":false},"excerpt":{"rendered":"<p>ALMAS R\u00daSTICAS Carlos Sombrio Ano de edi\u00e7\u00e3o: 1948 (Autografado) Editor: Edi\u00e7\u00f5es Homo, Lisboa Idioma: Portugu\u00eas Dimens\u00f5es: 14 x 1 x 20cm Encaderna\u00e7\u00e3o: Capa mole P\u00e1ginas: 145<\/p>\n","protected":false},"featured_media":7054,"comment_status":"open","ping_status":"closed","template":"","meta":{"om_disable_all_campaigns":false,"_monsterinsights_skip_tracking":false,"_monsterinsights_sitenote_active":false,"_monsterinsights_sitenote_note":"","_monsterinsights_sitenote_category":0,"_uf_show_specific_survey":0,"_uf_disable_surveys":false},"product_cat":[25],"product_tag":[],"aioseo_notices":[],"jetpack_sharing_enabled":true,"_links":{"self":[{"href":"https:\/\/casadolivreiro.pt\/index.php\/wp-json\/wp\/v2\/product\/7053"}],"collection":[{"href":"https:\/\/casadolivreiro.pt\/index.php\/wp-json\/wp\/v2\/product"}],"about":[{"href":"https:\/\/casadolivreiro.pt\/index.php\/wp-json\/wp\/v2\/types\/product"}],"replies":[{"embeddable":true,"href":"https:\/\/casadolivreiro.pt\/index.php\/wp-json\/wp\/v2\/comments?post=7053"}],"wp:featuredmedia":[{"embeddable":true,"href":"https:\/\/casadolivreiro.pt\/index.php\/wp-json\/wp\/v2\/media\/7054"}],"wp:attachment":[{"href":"https:\/\/casadolivreiro.pt\/index.php\/wp-json\/wp\/v2\/media?parent=7053"}],"wp:term":[{"taxonomy":"product_cat","embeddable":true,"href":"https:\/\/casadolivreiro.pt\/index.php\/wp-json\/wp\/v2\/product_cat?post=7053"},{"taxonomy":"product_tag","embeddable":true,"href":"https:\/\/casadolivreiro.pt\/index.php\/wp-json\/wp\/v2\/product_tag?post=7053"}],"curies":[{"name":"wp","href":"https:\/\/api.w.org\/{rel}","templated":true}]}}