{"id":7033,"date":"2026-03-31T19:55:46","date_gmt":"2026-03-31T19:55:46","guid":{"rendered":"https:\/\/casadolivreiro.pt\/?post_type=product&#038;p=7033"},"modified":"2026-03-31T19:55:47","modified_gmt":"2026-03-31T19:55:47","slug":"les-anges-noirs-francois-mauriac","status":"publish","type":"product","link":"https:\/\/casadolivreiro.pt\/index.php\/product\/les-anges-noirs-francois-mauriac\/","title":{"rendered":"LES ANGES NOIRS &#8211; Fran\u00e7ois Mauriac"},"content":{"rendered":"<p>LES ANGES NOIRS<\/p>\n<p>Fran\u00e7ois Mauriac<\/p>\n<p>Ano de edi\u00e7\u00e3o: 1936<\/p>\n<p>Editor: Bernard Grasset, Paris<\/p>\n<p>Idioma: Franc\u00eas<\/p>\n<p>Dimens\u00f5es: 12 x 1.8 x 17cm<\/p>\n<p>Encaderna\u00e7\u00e3o: Capa dura<\/p>\n<p>P\u00e1ginas: 256<\/p>\n","protected":false},"excerpt":{"rendered":"<p>LES ANGES NOIRS Fran\u00e7ois Mauriac Ano de edi\u00e7\u00e3o: 1936 Editor: Bernard Grasset, Paris Idioma: Franc\u00eas Dimens\u00f5es: 12 x 1.8 x 17cm Encaderna\u00e7\u00e3o: Capa dura P\u00e1ginas: 256<\/p>\n","protected":false},"featured_media":7034,"comment_status":"open","ping_status":"closed","template":"","meta":{"om_disable_all_campaigns":false,"_monsterinsights_skip_tracking":false,"_monsterinsights_sitenote_active":false,"_monsterinsights_sitenote_note":"","_monsterinsights_sitenote_category":0,"_uf_show_specific_survey":0,"_uf_disable_surveys":false},"product_cat":[56],"product_tag":[],"aioseo_notices":[],"jetpack_sharing_enabled":true,"_links":{"self":[{"href":"https:\/\/casadolivreiro.pt\/index.php\/wp-json\/wp\/v2\/product\/7033"}],"collection":[{"href":"https:\/\/casadolivreiro.pt\/index.php\/wp-json\/wp\/v2\/product"}],"about":[{"href":"https:\/\/casadolivreiro.pt\/index.php\/wp-json\/wp\/v2\/types\/product"}],"replies":[{"embeddable":true,"href":"https:\/\/casadolivreiro.pt\/index.php\/wp-json\/wp\/v2\/comments?post=7033"}],"wp:featuredmedia":[{"embeddable":true,"href":"https:\/\/casadolivreiro.pt\/index.php\/wp-json\/wp\/v2\/media\/7034"}],"wp:attachment":[{"href":"https:\/\/casadolivreiro.pt\/index.php\/wp-json\/wp\/v2\/media?parent=7033"}],"wp:term":[{"taxonomy":"product_cat","embeddable":true,"href":"https:\/\/casadolivreiro.pt\/index.php\/wp-json\/wp\/v2\/product_cat?post=7033"},{"taxonomy":"product_tag","embeddable":true,"href":"https:\/\/casadolivreiro.pt\/index.php\/wp-json\/wp\/v2\/product_tag?post=7033"}],"curies":[{"name":"wp","href":"https:\/\/api.w.org\/{rel}","templated":true}]}}