{"id":7002,"date":"2026-03-31T19:22:40","date_gmt":"2026-03-31T19:22:40","guid":{"rendered":"https:\/\/casadolivreiro.pt\/?post_type=product&#038;p=7002"},"modified":"2026-03-31T19:22:40","modified_gmt":"2026-03-31T19:22:40","slug":"les-fleurs-du-mal-charles-baudelaire","status":"publish","type":"product","link":"https:\/\/casadolivreiro.pt\/index.php\/product\/les-fleurs-du-mal-charles-baudelaire\/","title":{"rendered":"LES FLEURS DU MAL &#8211; Charles Baudelaire"},"content":{"rendered":"<p>LES FLEURS DU MAL<\/p>\n<p>Charles Baudelaire<\/p>\n<p>Ano de edi\u00e7\u00e3o:<\/p>\n<p>Editor: Aux Quais de Paris, Librairie Charles, Librairie Claudine, Paris<\/p>\n<p>Idioma: Franc\u00eas<\/p>\n<p>Dimens\u00f5es: 12 x 1.5 x 18.9cm<\/p>\n<p>Encaderna\u00e7\u00e3o: Capa mole<\/p>\n<p>P\u00e1ginas: 217<\/p>\n","protected":false},"excerpt":{"rendered":"<p>LES FLEURS DU MAL Charles Baudelaire Ano de edi\u00e7\u00e3o: Editor: Aux Quais de Paris, Librairie Charles, Librairie Claudine, Paris Idioma: Franc\u00eas Dimens\u00f5es: 12 x 1.5 x 18.9cm Encaderna\u00e7\u00e3o: Capa mole P\u00e1ginas: 217<\/p>\n","protected":false},"featured_media":7003,"comment_status":"open","ping_status":"closed","template":"","meta":{"om_disable_all_campaigns":false,"_monsterinsights_skip_tracking":false,"_monsterinsights_sitenote_active":false,"_monsterinsights_sitenote_note":"","_monsterinsights_sitenote_category":0,"_uf_show_specific_survey":0,"_uf_disable_surveys":false},"product_cat":[56,27],"product_tag":[],"aioseo_notices":[],"jetpack_sharing_enabled":true,"_links":{"self":[{"href":"https:\/\/casadolivreiro.pt\/index.php\/wp-json\/wp\/v2\/product\/7002"}],"collection":[{"href":"https:\/\/casadolivreiro.pt\/index.php\/wp-json\/wp\/v2\/product"}],"about":[{"href":"https:\/\/casadolivreiro.pt\/index.php\/wp-json\/wp\/v2\/types\/product"}],"replies":[{"embeddable":true,"href":"https:\/\/casadolivreiro.pt\/index.php\/wp-json\/wp\/v2\/comments?post=7002"}],"wp:featuredmedia":[{"embeddable":true,"href":"https:\/\/casadolivreiro.pt\/index.php\/wp-json\/wp\/v2\/media\/7003"}],"wp:attachment":[{"href":"https:\/\/casadolivreiro.pt\/index.php\/wp-json\/wp\/v2\/media?parent=7002"}],"wp:term":[{"taxonomy":"product_cat","embeddable":true,"href":"https:\/\/casadolivreiro.pt\/index.php\/wp-json\/wp\/v2\/product_cat?post=7002"},{"taxonomy":"product_tag","embeddable":true,"href":"https:\/\/casadolivreiro.pt\/index.php\/wp-json\/wp\/v2\/product_tag?post=7002"}],"curies":[{"name":"wp","href":"https:\/\/api.w.org\/{rel}","templated":true}]}}