{"id":6861,"date":"2026-03-27T19:45:01","date_gmt":"2026-03-27T19:45:01","guid":{"rendered":"https:\/\/casadolivreiro.pt\/?post_type=product&#038;p=6861"},"modified":"2026-03-27T19:45:02","modified_gmt":"2026-03-27T19:45:02","slug":"como-e-bom-gostar-de-alguem-magali","status":"publish","type":"product","link":"https:\/\/casadolivreiro.pt\/index.php\/product\/como-e-bom-gostar-de-alguem-magali\/","title":{"rendered":"COMO \u00c9 BOM GOSTAR DE ALGU\u00c9M! &#8211; Magali"},"content":{"rendered":"<p>COMO \u00c9 BOM GOSTAR DE ALGU\u00c9M!<\/p>\n<p>Magali<\/p>\n<p>Tradu\u00e7\u00e3o de Leyguarda Ferreira<\/p>\n<p>Ano de edi\u00e7\u00e3o: 1959<\/p>\n<p>Editor: Edi\u00e7\u00e3o Romano Torres, Lisboa<\/p>\n<p>Idioma: Portugu\u00eas<\/p>\n<p>Dimens\u00f5es: 12 x 1.4 x 19.2cm<\/p>\n<p>Encaderna\u00e7\u00e3o: Capa mole<\/p>\n<p>P\u00e1ginas: 195<\/p>\n","protected":false},"excerpt":{"rendered":"<p>COMO \u00c9 BOM GOSTAR DE ALGU\u00c9M! Magali Tradu\u00e7\u00e3o de Leyguarda Ferreira Ano de edi\u00e7\u00e3o: 1959 Editor: Edi\u00e7\u00e3o Romano Torres, Lisboa Idioma: Portugu\u00eas Dimens\u00f5es: 12 x 1.4 x 19.2cm Encaderna\u00e7\u00e3o: Capa mole P\u00e1ginas: 195<\/p>\n","protected":false},"featured_media":6863,"comment_status":"open","ping_status":"closed","template":"","meta":{"om_disable_all_campaigns":false,"_monsterinsights_skip_tracking":false,"_monsterinsights_sitenote_active":false,"_monsterinsights_sitenote_note":"","_monsterinsights_sitenote_category":0,"_uf_show_specific_survey":0,"_uf_disable_surveys":false},"product_cat":[26],"product_tag":[],"aioseo_notices":[],"jetpack_sharing_enabled":true,"_links":{"self":[{"href":"https:\/\/casadolivreiro.pt\/index.php\/wp-json\/wp\/v2\/product\/6861"}],"collection":[{"href":"https:\/\/casadolivreiro.pt\/index.php\/wp-json\/wp\/v2\/product"}],"about":[{"href":"https:\/\/casadolivreiro.pt\/index.php\/wp-json\/wp\/v2\/types\/product"}],"replies":[{"embeddable":true,"href":"https:\/\/casadolivreiro.pt\/index.php\/wp-json\/wp\/v2\/comments?post=6861"}],"wp:featuredmedia":[{"embeddable":true,"href":"https:\/\/casadolivreiro.pt\/index.php\/wp-json\/wp\/v2\/media\/6863"}],"wp:attachment":[{"href":"https:\/\/casadolivreiro.pt\/index.php\/wp-json\/wp\/v2\/media?parent=6861"}],"wp:term":[{"taxonomy":"product_cat","embeddable":true,"href":"https:\/\/casadolivreiro.pt\/index.php\/wp-json\/wp\/v2\/product_cat?post=6861"},{"taxonomy":"product_tag","embeddable":true,"href":"https:\/\/casadolivreiro.pt\/index.php\/wp-json\/wp\/v2\/product_tag?post=6861"}],"curies":[{"name":"wp","href":"https:\/\/api.w.org\/{rel}","templated":true}]}}