{"id":6842,"date":"2026-03-27T16:39:34","date_gmt":"2026-03-27T16:39:34","guid":{"rendered":"https:\/\/casadolivreiro.pt\/?post_type=product&#038;p=6842"},"modified":"2026-03-27T16:39:34","modified_gmt":"2026-03-27T16:39:34","slug":"os-miseraveis-volume-terceiro-victor-hugo","status":"publish","type":"product","link":"https:\/\/casadolivreiro.pt\/index.php\/product\/os-miseraveis-volume-terceiro-victor-hugo\/","title":{"rendered":"OS MISERAVEIS, Volume terceiro &#8211; Victor Hugo"},"content":{"rendered":"<p>OS MISERAVEIS, Volume terceiro<\/p>\n<p>Victor Hugo<\/p>\n<p>Traduc\u00e7\u00e3o cuidada<\/p>\n<p>Colec\u00e7\u00e3o Lusitania<\/p>\n<p>Ano de edi\u00e7\u00e3o:<\/p>\n<p>Editor: Livraria Chardron, de L\u00e9lo &amp; Irm\u00e3o, Porto<\/p>\n<p>Idioma: Portugu\u00eas<\/p>\n<p>Dimens\u00f5es: 10 x 2.7 x 16cm<\/p>\n<p>Encaderna\u00e7\u00e3o: Capa dura<\/p>\n<p>P\u00e1ginas: 454<\/p>\n","protected":false},"excerpt":{"rendered":"<p>OS MISERAVEIS, Volume terceiro Victor Hugo Traduc\u00e7\u00e3o cuidada Colec\u00e7\u00e3o Lusitania Ano de edi\u00e7\u00e3o: Editor: Livraria Chardron, de L\u00e9lo &amp; Irm\u00e3o, Porto Idioma: Portugu\u00eas Dimens\u00f5es: 10 x 2.7 x 16cm Encaderna\u00e7\u00e3o: Capa dura P\u00e1ginas: 454<\/p>\n","protected":false},"featured_media":6843,"comment_status":"open","ping_status":"closed","template":"","meta":{"om_disable_all_campaigns":false,"_monsterinsights_skip_tracking":false,"_monsterinsights_sitenote_active":false,"_monsterinsights_sitenote_note":"","_monsterinsights_sitenote_category":0,"_uf_show_specific_survey":0,"_uf_disable_surveys":false},"product_cat":[26],"product_tag":[],"aioseo_notices":[],"jetpack_sharing_enabled":true,"_links":{"self":[{"href":"https:\/\/casadolivreiro.pt\/index.php\/wp-json\/wp\/v2\/product\/6842"}],"collection":[{"href":"https:\/\/casadolivreiro.pt\/index.php\/wp-json\/wp\/v2\/product"}],"about":[{"href":"https:\/\/casadolivreiro.pt\/index.php\/wp-json\/wp\/v2\/types\/product"}],"replies":[{"embeddable":true,"href":"https:\/\/casadolivreiro.pt\/index.php\/wp-json\/wp\/v2\/comments?post=6842"}],"wp:featuredmedia":[{"embeddable":true,"href":"https:\/\/casadolivreiro.pt\/index.php\/wp-json\/wp\/v2\/media\/6843"}],"wp:attachment":[{"href":"https:\/\/casadolivreiro.pt\/index.php\/wp-json\/wp\/v2\/media?parent=6842"}],"wp:term":[{"taxonomy":"product_cat","embeddable":true,"href":"https:\/\/casadolivreiro.pt\/index.php\/wp-json\/wp\/v2\/product_cat?post=6842"},{"taxonomy":"product_tag","embeddable":true,"href":"https:\/\/casadolivreiro.pt\/index.php\/wp-json\/wp\/v2\/product_tag?post=6842"}],"curies":[{"name":"wp","href":"https:\/\/api.w.org\/{rel}","templated":true}]}}