{"id":6840,"date":"2026-03-27T16:36:34","date_gmt":"2026-03-27T16:36:34","guid":{"rendered":"https:\/\/casadolivreiro.pt\/?post_type=product&#038;p=6840"},"modified":"2026-03-27T16:36:34","modified_gmt":"2026-03-27T16:36:34","slug":"a-prisao-de-fantomas-pierre-souvestre-marcel-allain","status":"publish","type":"product","link":"https:\/\/casadolivreiro.pt\/index.php\/product\/a-prisao-de-fantomas-pierre-souvestre-marcel-allain\/","title":{"rendered":"A PRIS\u00c3O DE FANT\u00d4MAS! &#8211; Pierre Souvestre &#038; Marcel Allain"},"content":{"rendered":"<p>A PRIS\u00c3O DE FANT\u00d4MAS!<\/p>\n<p>Pierre Souvestre &amp; Marcel Allain<\/p>\n<p>Colecc\u00e7\u00e3o Fant\u00f4mas #11<\/p>\n<p>Tradu\u00e7\u00e3o de M\u00e1rio Domingues<\/p>\n<p>Ano de edi\u00e7\u00e3o: 1953<\/p>\n<p>Editor: Editorial Dois Continentes, Lisboa<\/p>\n<p>Idioma: Portugu\u00eas<\/p>\n<p>Dimens\u00f5es: 10.6 x 1.6 x 16.7cm<\/p>\n<p>Encaderna\u00e7\u00e3o: Capa mole<\/p>\n<p>P\u00e1ginas: 262<\/p>\n","protected":false},"excerpt":{"rendered":"<p>A PRIS\u00c3O DE FANT\u00d4MAS! Pierre Souvestre &amp; Marcel Allain Colecc\u00e7\u00e3o Fant\u00f4mas #11 Tradu\u00e7\u00e3o de M\u00e1rio Domingues Ano de edi\u00e7\u00e3o: 1953 Editor: Editorial Dois Continentes, Lisboa Idioma: Portugu\u00eas Dimens\u00f5es: 10.6 x 1.6 x 16.7cm Encaderna\u00e7\u00e3o: Capa mole P\u00e1ginas: 262<\/p>\n","protected":false},"featured_media":6841,"comment_status":"open","ping_status":"closed","template":"","meta":{"om_disable_all_campaigns":false,"_monsterinsights_skip_tracking":false,"_monsterinsights_sitenote_active":false,"_monsterinsights_sitenote_note":"","_monsterinsights_sitenote_category":0,"_uf_show_specific_survey":0,"_uf_disable_surveys":false},"product_cat":[26,44],"product_tag":[],"aioseo_notices":[],"jetpack_sharing_enabled":true,"_links":{"self":[{"href":"https:\/\/casadolivreiro.pt\/index.php\/wp-json\/wp\/v2\/product\/6840"}],"collection":[{"href":"https:\/\/casadolivreiro.pt\/index.php\/wp-json\/wp\/v2\/product"}],"about":[{"href":"https:\/\/casadolivreiro.pt\/index.php\/wp-json\/wp\/v2\/types\/product"}],"replies":[{"embeddable":true,"href":"https:\/\/casadolivreiro.pt\/index.php\/wp-json\/wp\/v2\/comments?post=6840"}],"wp:featuredmedia":[{"embeddable":true,"href":"https:\/\/casadolivreiro.pt\/index.php\/wp-json\/wp\/v2\/media\/6841"}],"wp:attachment":[{"href":"https:\/\/casadolivreiro.pt\/index.php\/wp-json\/wp\/v2\/media?parent=6840"}],"wp:term":[{"taxonomy":"product_cat","embeddable":true,"href":"https:\/\/casadolivreiro.pt\/index.php\/wp-json\/wp\/v2\/product_cat?post=6840"},{"taxonomy":"product_tag","embeddable":true,"href":"https:\/\/casadolivreiro.pt\/index.php\/wp-json\/wp\/v2\/product_tag?post=6840"}],"curies":[{"name":"wp","href":"https:\/\/api.w.org\/{rel}","templated":true}]}}