{"id":674,"date":"2024-03-16T21:09:57","date_gmt":"2024-03-16T21:09:57","guid":{"rendered":"https:\/\/casadolivreiro.pt\/?post_type=product&#038;p=674"},"modified":"2024-03-16T21:09:57","modified_gmt":"2024-03-16T21:09:57","slug":"guia-pratico-da-alimentacao-natural-dietas-cardapios-e-receitas-especiais-uma-abordagem-medica-dr-marcio-bontempo","status":"publish","type":"product","link":"https:\/\/casadolivreiro.pt\/index.php\/product\/guia-pratico-da-alimentacao-natural-dietas-cardapios-e-receitas-especiais-uma-abordagem-medica-dr-marcio-bontempo\/","title":{"rendered":"GUIA PR\u00c1TICO DA ALIMENTA\u00c7\u00c3O NATURAL: Dietas, card\u00e1pios e receitas especiais \u2013 uma abordagem m\u00e9dica Dr. M\u00e1rcio Bontempo"},"content":{"rendered":"<p>GUIA PR\u00c1TICO DA ALIMENTA\u00c7\u00c3O NATURAL: Dietas, card\u00e1pios e receitas especiais \u2013 uma abordagem m\u00e9dica<br \/>\nDr. M\u00e1rcio Bontempo<br \/>\nISBN: 85-7123-436-1<br \/>\nAno de edi\u00e7\u00e3o: 1994<br \/>\nEditor: Circulo do Livro, S\u00e3o Paulo<br \/>\nIdioma: Portugu\u00eas<br \/>\nDimens\u00f5es: 13 x 1.5 x 20.5 cm<br \/>\nEncaderna\u00e7\u00e3o: Capa mole<br \/>\nP\u00e1ginas: 284<\/p>\n","protected":false},"excerpt":{"rendered":"<p>GUIA PR\u00c1TICO DA ALIMENTA\u00c7\u00c3O NATURAL: Dietas, card\u00e1pios e receitas especiais \u2013 uma abordagem m\u00e9dica Dr. M\u00e1rcio Bontempo ISBN: 85-7123-436-1 Ano de edi\u00e7\u00e3o: 1994 Editor: Circulo do Livro, S\u00e3o Paulo Idioma: Portugu\u00eas Dimens\u00f5es: 13 x 1.5 x 20.5 cm Encaderna\u00e7\u00e3o: Capa mole P\u00e1ginas: 284<\/p>\n","protected":false},"featured_media":675,"comment_status":"open","ping_status":"closed","template":"","meta":{"om_disable_all_campaigns":false,"_monsterinsights_skip_tracking":false,"_monsterinsights_sitenote_active":false,"_monsterinsights_sitenote_note":"","_monsterinsights_sitenote_category":0,"_uf_show_specific_survey":0,"_uf_disable_surveys":false},"product_cat":[40],"product_tag":[],"aioseo_notices":[],"jetpack_sharing_enabled":true,"_links":{"self":[{"href":"https:\/\/casadolivreiro.pt\/index.php\/wp-json\/wp\/v2\/product\/674"}],"collection":[{"href":"https:\/\/casadolivreiro.pt\/index.php\/wp-json\/wp\/v2\/product"}],"about":[{"href":"https:\/\/casadolivreiro.pt\/index.php\/wp-json\/wp\/v2\/types\/product"}],"replies":[{"embeddable":true,"href":"https:\/\/casadolivreiro.pt\/index.php\/wp-json\/wp\/v2\/comments?post=674"}],"wp:featuredmedia":[{"embeddable":true,"href":"https:\/\/casadolivreiro.pt\/index.php\/wp-json\/wp\/v2\/media\/675"}],"wp:attachment":[{"href":"https:\/\/casadolivreiro.pt\/index.php\/wp-json\/wp\/v2\/media?parent=674"}],"wp:term":[{"taxonomy":"product_cat","embeddable":true,"href":"https:\/\/casadolivreiro.pt\/index.php\/wp-json\/wp\/v2\/product_cat?post=674"},{"taxonomy":"product_tag","embeddable":true,"href":"https:\/\/casadolivreiro.pt\/index.php\/wp-json\/wp\/v2\/product_tag?post=674"}],"curies":[{"name":"wp","href":"https:\/\/api.w.org\/{rel}","templated":true}]}}