{"id":6702,"date":"2026-03-23T19:10:38","date_gmt":"2026-03-23T19:10:38","guid":{"rendered":"https:\/\/casadolivreiro.pt\/?post_type=product&#038;p=6702"},"modified":"2026-03-23T19:10:38","modified_gmt":"2026-03-23T19:10:38","slug":"quadros-da-cronica-de-d-joao-i-fernao-lopes","status":"publish","type":"product","link":"https:\/\/casadolivreiro.pt\/index.php\/product\/quadros-da-cronica-de-d-joao-i-fernao-lopes\/","title":{"rendered":"QUADROS DA CR\u00d3NICA DE D. JO\u00c3O I &#8211; Fern\u00e3o Lopes"},"content":{"rendered":"<p>QUADROS DA CR\u00d3NICA DE D. JO\u00c3O I<\/p>\n<p>Fern\u00e3o Lopes<\/p>\n<p>Textos Liter\u00e1rios, Selec\u00e7\u00e3o, pref\u00e1cio e notas de Rodrigues Lapa<\/p>\n<p>Ano de edi\u00e7\u00e3o: 1962<\/p>\n<p>Editor: Rua Luciano Cordeiro 193, Lisboa<\/p>\n<p>Idioma: Portugu\u00eas<\/p>\n<p>Dimens\u00f5es: 14 x 1.4 x 19.5cm<\/p>\n<p>Encaderna\u00e7\u00e3o: Capa mole<\/p>\n<p>P\u00e1ginas: 174<\/p>\n","protected":false},"excerpt":{"rendered":"<p>QUADROS DA CR\u00d3NICA DE D. JO\u00c3O I Fern\u00e3o Lopes Textos Liter\u00e1rios, Selec\u00e7\u00e3o, pref\u00e1cio e notas de Rodrigues Lapa Ano de edi\u00e7\u00e3o: 1962 Editor: Rua Luciano Cordeiro 193, Lisboa Idioma: Portugu\u00eas Dimens\u00f5es: 14 x 1.4 x 19.5cm Encaderna\u00e7\u00e3o: Capa mole P\u00e1ginas: 174<\/p>\n","protected":false},"featured_media":6703,"comment_status":"open","ping_status":"closed","template":"","meta":{"om_disable_all_campaigns":false,"_monsterinsights_skip_tracking":false,"_monsterinsights_sitenote_active":false,"_monsterinsights_sitenote_note":"","_monsterinsights_sitenote_category":0,"_uf_show_specific_survey":0,"_uf_disable_surveys":false},"product_cat":[25],"product_tag":[],"aioseo_notices":[],"jetpack_sharing_enabled":true,"_links":{"self":[{"href":"https:\/\/casadolivreiro.pt\/index.php\/wp-json\/wp\/v2\/product\/6702"}],"collection":[{"href":"https:\/\/casadolivreiro.pt\/index.php\/wp-json\/wp\/v2\/product"}],"about":[{"href":"https:\/\/casadolivreiro.pt\/index.php\/wp-json\/wp\/v2\/types\/product"}],"replies":[{"embeddable":true,"href":"https:\/\/casadolivreiro.pt\/index.php\/wp-json\/wp\/v2\/comments?post=6702"}],"wp:featuredmedia":[{"embeddable":true,"href":"https:\/\/casadolivreiro.pt\/index.php\/wp-json\/wp\/v2\/media\/6703"}],"wp:attachment":[{"href":"https:\/\/casadolivreiro.pt\/index.php\/wp-json\/wp\/v2\/media?parent=6702"}],"wp:term":[{"taxonomy":"product_cat","embeddable":true,"href":"https:\/\/casadolivreiro.pt\/index.php\/wp-json\/wp\/v2\/product_cat?post=6702"},{"taxonomy":"product_tag","embeddable":true,"href":"https:\/\/casadolivreiro.pt\/index.php\/wp-json\/wp\/v2\/product_tag?post=6702"}],"curies":[{"name":"wp","href":"https:\/\/api.w.org\/{rel}","templated":true}]}}