{"id":6700,"date":"2026-03-23T19:08:22","date_gmt":"2026-03-23T19:08:22","guid":{"rendered":"https:\/\/casadolivreiro.pt\/?post_type=product&#038;p=6700"},"modified":"2026-03-23T19:08:22","modified_gmt":"2026-03-23T19:08:22","slug":"paixao-e-ressurreicao-do-homem-fidelino-de-figueiredo","status":"publish","type":"product","link":"https:\/\/casadolivreiro.pt\/index.php\/product\/paixao-e-ressurreicao-do-homem-fidelino-de-figueiredo\/","title":{"rendered":"PAIX\u00c3O E RESSURREI\u00c7\u00c3O DO HOMEM &#8211; Fidelino de Figueiredo"},"content":{"rendered":"<p>PAIX\u00c3O E RESSURREI\u00c7\u00c3O DO HOMEM<\/p>\n<p>Fidelino de Figueiredo<\/p>\n<p>Colec\u00e7\u00e3o Problemas #16<\/p>\n<p>Ano de edi\u00e7\u00e3o: 1967<\/p>\n<p>Editor: Portugalia Editora<\/p>\n<p>Idioma: Portugu\u00eas<\/p>\n<p>Dimens\u00f5es: 14 x 1.4 x 19.5cm<\/p>\n<p>Encaderna\u00e7\u00e3o: Capa mole<\/p>\n<p>P\u00e1ginas: 174<\/p>\n","protected":false},"excerpt":{"rendered":"<p>PAIX\u00c3O E RESSURREI\u00c7\u00c3O DO HOMEM Fidelino de Figueiredo Colec\u00e7\u00e3o Problemas #16 Ano de edi\u00e7\u00e3o: 1967 Editor: Portugalia Editora Idioma: Portugu\u00eas Dimens\u00f5es: 14 x 1.4 x 19.5cm Encaderna\u00e7\u00e3o: Capa mole P\u00e1ginas: 174<\/p>\n","protected":false},"featured_media":6701,"comment_status":"open","ping_status":"closed","template":"","meta":{"om_disable_all_campaigns":false,"_monsterinsights_skip_tracking":false,"_monsterinsights_sitenote_active":false,"_monsterinsights_sitenote_note":"","_monsterinsights_sitenote_category":0,"_uf_show_specific_survey":0,"_uf_disable_surveys":false},"product_cat":[33,29],"product_tag":[],"aioseo_notices":[],"jetpack_sharing_enabled":true,"_links":{"self":[{"href":"https:\/\/casadolivreiro.pt\/index.php\/wp-json\/wp\/v2\/product\/6700"}],"collection":[{"href":"https:\/\/casadolivreiro.pt\/index.php\/wp-json\/wp\/v2\/product"}],"about":[{"href":"https:\/\/casadolivreiro.pt\/index.php\/wp-json\/wp\/v2\/types\/product"}],"replies":[{"embeddable":true,"href":"https:\/\/casadolivreiro.pt\/index.php\/wp-json\/wp\/v2\/comments?post=6700"}],"wp:featuredmedia":[{"embeddable":true,"href":"https:\/\/casadolivreiro.pt\/index.php\/wp-json\/wp\/v2\/media\/6701"}],"wp:attachment":[{"href":"https:\/\/casadolivreiro.pt\/index.php\/wp-json\/wp\/v2\/media?parent=6700"}],"wp:term":[{"taxonomy":"product_cat","embeddable":true,"href":"https:\/\/casadolivreiro.pt\/index.php\/wp-json\/wp\/v2\/product_cat?post=6700"},{"taxonomy":"product_tag","embeddable":true,"href":"https:\/\/casadolivreiro.pt\/index.php\/wp-json\/wp\/v2\/product_tag?post=6700"}],"curies":[{"name":"wp","href":"https:\/\/api.w.org\/{rel}","templated":true}]}}