{"id":6621,"date":"2026-03-15T15:23:49","date_gmt":"2026-03-15T15:23:49","guid":{"rendered":"https:\/\/casadolivreiro.pt\/?post_type=product&#038;p=6621"},"modified":"2026-03-15T15:23:49","modified_gmt":"2026-03-15T15:23:49","slug":"o-poder-real-afonso-botelho","status":"publish","type":"product","link":"https:\/\/casadolivreiro.pt\/index.php\/product\/o-poder-real-afonso-botelho\/","title":{"rendered":"O PODER REAL &#8211; Afonso Botelho"},"content":{"rendered":"<p>O PODER REAL<\/p>\n<p>Afonso Botelho<\/p>\n<p>Ano de edi\u00e7\u00e3o: 1990<\/p>\n<p>Editor: Edi\u00e7\u00f5es Cultura Mon\u00e1rquica<\/p>\n<p>Idioma: Portugu\u00eas<\/p>\n<p>Dimens\u00f5es: 13 x 1.3 x 19cm<\/p>\n<p>Encaderna\u00e7\u00e3o: Capa mole<\/p>\n<p>P\u00e1ginas: 238<\/p>\n","protected":false},"excerpt":{"rendered":"<p>O PODER REAL Afonso Botelho Ano de edi\u00e7\u00e3o: 1990 Editor: Edi\u00e7\u00f5es Cultura Mon\u00e1rquica Idioma: Portugu\u00eas Dimens\u00f5es: 13 x 1.3 x 19cm Encaderna\u00e7\u00e3o: Capa mole P\u00e1ginas: 238<\/p>\n","protected":false},"featured_media":6622,"comment_status":"open","ping_status":"closed","template":"","meta":{"om_disable_all_campaigns":false,"_monsterinsights_skip_tracking":false,"_monsterinsights_sitenote_active":false,"_monsterinsights_sitenote_note":"","_monsterinsights_sitenote_category":0,"_uf_show_specific_survey":0,"_uf_disable_surveys":false},"product_cat":[30,51],"product_tag":[],"aioseo_notices":[],"jetpack_sharing_enabled":true,"_links":{"self":[{"href":"https:\/\/casadolivreiro.pt\/index.php\/wp-json\/wp\/v2\/product\/6621"}],"collection":[{"href":"https:\/\/casadolivreiro.pt\/index.php\/wp-json\/wp\/v2\/product"}],"about":[{"href":"https:\/\/casadolivreiro.pt\/index.php\/wp-json\/wp\/v2\/types\/product"}],"replies":[{"embeddable":true,"href":"https:\/\/casadolivreiro.pt\/index.php\/wp-json\/wp\/v2\/comments?post=6621"}],"wp:featuredmedia":[{"embeddable":true,"href":"https:\/\/casadolivreiro.pt\/index.php\/wp-json\/wp\/v2\/media\/6622"}],"wp:attachment":[{"href":"https:\/\/casadolivreiro.pt\/index.php\/wp-json\/wp\/v2\/media?parent=6621"}],"wp:term":[{"taxonomy":"product_cat","embeddable":true,"href":"https:\/\/casadolivreiro.pt\/index.php\/wp-json\/wp\/v2\/product_cat?post=6621"},{"taxonomy":"product_tag","embeddable":true,"href":"https:\/\/casadolivreiro.pt\/index.php\/wp-json\/wp\/v2\/product_tag?post=6621"}],"curies":[{"name":"wp","href":"https:\/\/api.w.org\/{rel}","templated":true}]}}