{"id":6562,"date":"2026-03-03T15:20:16","date_gmt":"2026-03-03T15:20:16","guid":{"rendered":"https:\/\/casadolivreiro.pt\/?post_type=product&#038;p=6562"},"modified":"2026-03-03T15:20:16","modified_gmt":"2026-03-03T15:20:16","slug":"o-despertar-dos-magicos-introducao-ao-realismo-fantastico-louis-pauwels-e-jacques-bergier","status":"publish","type":"product","link":"https:\/\/casadolivreiro.pt\/index.php\/product\/o-despertar-dos-magicos-introducao-ao-realismo-fantastico-louis-pauwels-e-jacques-bergier\/","title":{"rendered":"O DESPERTAR DOS M\u00c1GICOS: Introdu\u00e7\u00e3o ao Realismo Fant\u00e1stico &#8211; Louis Pauwels e Jacques Bergier"},"content":{"rendered":"<p>O DESPERTAR DOS M\u00c1GICOS: Introdu\u00e7\u00e3o ao Realismo Fant\u00e1stico<\/p>\n<p>Louis Pauwels e Jacques Bergier<\/p>\n<p>Tradu\u00e7\u00e3o de Gina de Freitas<\/p>\n<p>Ano de edi\u00e7\u00e3o: 196?<\/p>\n<p>Editor: Livraria Bertrand<\/p>\n<p>Idioma: Portugu\u00eas<\/p>\n<p>Dimens\u00f5es: 16 x 3 x 21.5 cm<\/p>\n<p>Encaderna\u00e7\u00e3o: Capa mole<\/p>\n<p>P\u00e1ginas: 550<\/p>\n","protected":false},"excerpt":{"rendered":"<p>O DESPERTAR DOS M\u00c1GICOS: Introdu\u00e7\u00e3o ao Realismo Fant\u00e1stico Louis Pauwels e Jacques Bergier Tradu\u00e7\u00e3o de Gina de Freitas Ano de edi\u00e7\u00e3o: 196? Editor: Livraria Bertrand Idioma: Portugu\u00eas Dimens\u00f5es: 16 x 3 x 21.5 cm Encaderna\u00e7\u00e3o: Capa mole P\u00e1ginas: 550<\/p>\n","protected":false},"featured_media":6563,"comment_status":"open","ping_status":"closed","template":"","meta":{"om_disable_all_campaigns":false,"_monsterinsights_skip_tracking":false,"_monsterinsights_sitenote_active":false,"_monsterinsights_sitenote_note":"","_monsterinsights_sitenote_category":0,"_uf_show_specific_survey":0,"_uf_disable_surveys":false},"product_cat":[31,47,29],"product_tag":[],"aioseo_notices":[],"jetpack_sharing_enabled":true,"_links":{"self":[{"href":"https:\/\/casadolivreiro.pt\/index.php\/wp-json\/wp\/v2\/product\/6562"}],"collection":[{"href":"https:\/\/casadolivreiro.pt\/index.php\/wp-json\/wp\/v2\/product"}],"about":[{"href":"https:\/\/casadolivreiro.pt\/index.php\/wp-json\/wp\/v2\/types\/product"}],"replies":[{"embeddable":true,"href":"https:\/\/casadolivreiro.pt\/index.php\/wp-json\/wp\/v2\/comments?post=6562"}],"wp:featuredmedia":[{"embeddable":true,"href":"https:\/\/casadolivreiro.pt\/index.php\/wp-json\/wp\/v2\/media\/6563"}],"wp:attachment":[{"href":"https:\/\/casadolivreiro.pt\/index.php\/wp-json\/wp\/v2\/media?parent=6562"}],"wp:term":[{"taxonomy":"product_cat","embeddable":true,"href":"https:\/\/casadolivreiro.pt\/index.php\/wp-json\/wp\/v2\/product_cat?post=6562"},{"taxonomy":"product_tag","embeddable":true,"href":"https:\/\/casadolivreiro.pt\/index.php\/wp-json\/wp\/v2\/product_tag?post=6562"}],"curies":[{"name":"wp","href":"https:\/\/api.w.org\/{rel}","templated":true}]}}