{"id":6535,"date":"2026-03-01T19:02:47","date_gmt":"2026-03-01T19:02:47","guid":{"rendered":"https:\/\/casadolivreiro.pt\/?post_type=product&#038;p=6535"},"modified":"2026-03-01T19:02:47","modified_gmt":"2026-03-01T19:02:47","slug":"gourmelin-pour-tuer-le-temps-gourmelin","status":"publish","type":"product","link":"https:\/\/casadolivreiro.pt\/index.php\/product\/gourmelin-pour-tuer-le-temps-gourmelin\/","title":{"rendered":"GOURMELIN: POUR TUER LE TEMPS &#8211; Gourmelin"},"content":{"rendered":"<p>GOURMELIN: POUR TUER LE TEMPS &#8211; Gourmelin<\/p>\n<p>Ano de edi\u00e7\u00e3o: 1972<\/p>\n<p>Editor: Balland, Paris.<\/p>\n<p>Idioma: Franc\u00eas<\/p>\n<p>Dimens\u00f5es: 21.5cm x 1.6cm x 27.7cm<\/p>\n<p>Encaderna\u00e7\u00e3o: Capa dura<\/p>\n<p>P\u00e1ginas: 120<\/p>\n","protected":false},"excerpt":{"rendered":"<p>GOURMELIN: POUR TUER LE TEMPS &#8211; Gourmelin Ano de edi\u00e7\u00e3o: 1972 Editor: Balland, Paris. Idioma: Franc\u00eas Dimens\u00f5es: 21.5cm x 1.6cm x 27.7cm Encaderna\u00e7\u00e3o: Capa dura P\u00e1ginas: 120<\/p>\n","protected":false},"featured_media":6536,"comment_status":"open","ping_status":"closed","template":"","meta":{"om_disable_all_campaigns":false,"_monsterinsights_skip_tracking":false,"_monsterinsights_sitenote_active":false,"_monsterinsights_sitenote_note":"","_monsterinsights_sitenote_category":0,"_uf_show_specific_survey":0,"_uf_disable_surveys":false},"product_cat":[24,35,56],"product_tag":[],"aioseo_notices":[],"jetpack_sharing_enabled":true,"_links":{"self":[{"href":"https:\/\/casadolivreiro.pt\/index.php\/wp-json\/wp\/v2\/product\/6535"}],"collection":[{"href":"https:\/\/casadolivreiro.pt\/index.php\/wp-json\/wp\/v2\/product"}],"about":[{"href":"https:\/\/casadolivreiro.pt\/index.php\/wp-json\/wp\/v2\/types\/product"}],"replies":[{"embeddable":true,"href":"https:\/\/casadolivreiro.pt\/index.php\/wp-json\/wp\/v2\/comments?post=6535"}],"wp:featuredmedia":[{"embeddable":true,"href":"https:\/\/casadolivreiro.pt\/index.php\/wp-json\/wp\/v2\/media\/6536"}],"wp:attachment":[{"href":"https:\/\/casadolivreiro.pt\/index.php\/wp-json\/wp\/v2\/media?parent=6535"}],"wp:term":[{"taxonomy":"product_cat","embeddable":true,"href":"https:\/\/casadolivreiro.pt\/index.php\/wp-json\/wp\/v2\/product_cat?post=6535"},{"taxonomy":"product_tag","embeddable":true,"href":"https:\/\/casadolivreiro.pt\/index.php\/wp-json\/wp\/v2\/product_tag?post=6535"}],"curies":[{"name":"wp","href":"https:\/\/api.w.org\/{rel}","templated":true}]}}