{"id":651,"date":"2024-03-15T14:51:40","date_gmt":"2024-03-15T14:51:40","guid":{"rendered":"https:\/\/casadolivreiro.pt\/?post_type=product&#038;p=651"},"modified":"2024-03-15T14:51:40","modified_gmt":"2024-03-15T14:51:40","slug":"pintura-em-acrilico-as-bases-as-tecnicas-os-motivos","status":"publish","type":"product","link":"https:\/\/casadolivreiro.pt\/index.php\/product\/pintura-em-acrilico-as-bases-as-tecnicas-os-motivos\/","title":{"rendered":"PINTURA EM ACR\u00cdLICO: As bases \u2013 as t\u00e9cnicas \u2013 os motivos"},"content":{"rendered":"<p>PINTURA EM ACR\u00cdLICO: As bases \u2013 as t\u00e9cnicas \u2013 os motivos<br \/>\nISBN: 978-3-625-11625-7<br \/>\nAno de edi\u00e7\u00e3o:<br \/>\nEditor: NGV (Coordena\u00e7\u00e3o editorial Ecritica Lda.)<br \/>\nIdioma: Portugu\u00eas<br \/>\nDimens\u00f5es: 20.5 x 1.7 x 29 cm<br \/>\nEncaderna\u00e7\u00e3o: Capa dura<br \/>\nP\u00e1ginas: 160<\/p>\n<p>&nbsp;<\/p>\n","protected":false},"excerpt":{"rendered":"<p>PINTURA EM ACR\u00cdLICO: As bases \u2013 as t\u00e9cnicas \u2013 os motivos ISBN: 978-3-625-11625-7 Ano de edi\u00e7\u00e3o: Editor: NGV (Coordena\u00e7\u00e3o editorial Ecritica Lda.) Idioma: Portugu\u00eas Dimens\u00f5es: 20.5 x 1.7 x 29 cm Encaderna\u00e7\u00e3o: Capa dura P\u00e1ginas: 160 &nbsp;<\/p>\n","protected":false},"featured_media":652,"comment_status":"open","ping_status":"closed","template":"","meta":{"om_disable_all_campaigns":false,"_monsterinsights_skip_tracking":false,"_monsterinsights_sitenote_active":false,"_monsterinsights_sitenote_note":"","_monsterinsights_sitenote_category":0,"_uf_show_specific_survey":0,"_uf_disable_surveys":false},"product_cat":[24],"product_tag":[],"aioseo_notices":[],"jetpack_sharing_enabled":true,"_links":{"self":[{"href":"https:\/\/casadolivreiro.pt\/index.php\/wp-json\/wp\/v2\/product\/651"}],"collection":[{"href":"https:\/\/casadolivreiro.pt\/index.php\/wp-json\/wp\/v2\/product"}],"about":[{"href":"https:\/\/casadolivreiro.pt\/index.php\/wp-json\/wp\/v2\/types\/product"}],"replies":[{"embeddable":true,"href":"https:\/\/casadolivreiro.pt\/index.php\/wp-json\/wp\/v2\/comments?post=651"}],"wp:featuredmedia":[{"embeddable":true,"href":"https:\/\/casadolivreiro.pt\/index.php\/wp-json\/wp\/v2\/media\/652"}],"wp:attachment":[{"href":"https:\/\/casadolivreiro.pt\/index.php\/wp-json\/wp\/v2\/media?parent=651"}],"wp:term":[{"taxonomy":"product_cat","embeddable":true,"href":"https:\/\/casadolivreiro.pt\/index.php\/wp-json\/wp\/v2\/product_cat?post=651"},{"taxonomy":"product_tag","embeddable":true,"href":"https:\/\/casadolivreiro.pt\/index.php\/wp-json\/wp\/v2\/product_tag?post=651"}],"curies":[{"name":"wp","href":"https:\/\/api.w.org\/{rel}","templated":true}]}}