{"id":6506,"date":"2026-03-01T16:33:28","date_gmt":"2026-03-01T16:33:28","guid":{"rendered":"https:\/\/casadolivreiro.pt\/?post_type=product&#038;p=6506"},"modified":"2026-03-01T16:33:28","modified_gmt":"2026-03-01T16:33:28","slug":"e-manet-j-l-vaudoyer","status":"publish","type":"product","link":"https:\/\/casadolivreiro.pt\/index.php\/product\/e-manet-j-l-vaudoyer\/","title":{"rendered":"E. MANET &#8211; J.-L. Vaudoyer"},"content":{"rendered":"<p>E. MANET<\/p>\n<p>Texte de J.-L. Vaudoyer<\/p>\n<p>Colec\u00e7\u00e3o \u201cLes Demi-dieux\u201d<\/p>\n<p>Ano de edi\u00e7\u00e3o: 1955<\/p>\n<p>Editor: \u00c9ditions du Dimanche, Paris<\/p>\n<p>Idioma: Franc\u00eas<\/p>\n<p>Dimens\u00f5es: 24.5 x 2 x 31.5 cm<\/p>\n<p>Encaderna\u00e7\u00e3o: Capa dura<\/p>\n<p>P\u00e1ginas: 150<\/p>\n","protected":false},"excerpt":{"rendered":"<p>E. MANET Texte de J.-L. Vaudoyer Colec\u00e7\u00e3o \u201cLes Demi-dieux\u201d Ano de edi\u00e7\u00e3o: 1955 Editor: \u00c9ditions du Dimanche, Paris Idioma: Franc\u00eas Dimens\u00f5es: 24.5 x 2 x 31.5 cm Encaderna\u00e7\u00e3o: Capa dura P\u00e1ginas: 150<\/p>\n","protected":false},"featured_media":6507,"comment_status":"open","ping_status":"closed","template":"","meta":{"om_disable_all_campaigns":false,"_monsterinsights_skip_tracking":false,"_monsterinsights_sitenote_active":false,"_monsterinsights_sitenote_note":"","_monsterinsights_sitenote_category":0,"_uf_show_specific_survey":0,"_uf_disable_surveys":false},"product_cat":[24,56,59,49],"product_tag":[],"aioseo_notices":[],"jetpack_sharing_enabled":true,"_links":{"self":[{"href":"https:\/\/casadolivreiro.pt\/index.php\/wp-json\/wp\/v2\/product\/6506"}],"collection":[{"href":"https:\/\/casadolivreiro.pt\/index.php\/wp-json\/wp\/v2\/product"}],"about":[{"href":"https:\/\/casadolivreiro.pt\/index.php\/wp-json\/wp\/v2\/types\/product"}],"replies":[{"embeddable":true,"href":"https:\/\/casadolivreiro.pt\/index.php\/wp-json\/wp\/v2\/comments?post=6506"}],"wp:featuredmedia":[{"embeddable":true,"href":"https:\/\/casadolivreiro.pt\/index.php\/wp-json\/wp\/v2\/media\/6507"}],"wp:attachment":[{"href":"https:\/\/casadolivreiro.pt\/index.php\/wp-json\/wp\/v2\/media?parent=6506"}],"wp:term":[{"taxonomy":"product_cat","embeddable":true,"href":"https:\/\/casadolivreiro.pt\/index.php\/wp-json\/wp\/v2\/product_cat?post=6506"},{"taxonomy":"product_tag","embeddable":true,"href":"https:\/\/casadolivreiro.pt\/index.php\/wp-json\/wp\/v2\/product_tag?post=6506"}],"curies":[{"name":"wp","href":"https:\/\/api.w.org\/{rel}","templated":true}]}}