{"id":6482,"date":"2026-03-01T16:05:48","date_gmt":"2026-03-01T16:05:48","guid":{"rendered":"https:\/\/casadolivreiro.pt\/?post_type=product&#038;p=6482"},"modified":"2026-03-01T16:05:48","modified_gmt":"2026-03-01T16:05:48","slug":"para-que-a-terra-nao-esqueca-leon-w-wells","status":"publish","type":"product","link":"https:\/\/casadolivreiro.pt\/index.php\/product\/para-que-a-terra-nao-esqueca-leon-w-wells\/","title":{"rendered":"PARA QUE A TERRA N\u00c3O ESQUE\u00c7A &#8211; L\u00e9on W. Wells"},"content":{"rendered":"<p>PARA QUE A TERRA N\u00c3O ESQUE\u00c7A<\/p>\n<p>L\u00e9on W. Wells<\/p>\n<p>Tradu\u00e7\u00e3o de Baptista Bastos e Manuel de Azevedo<\/p>\n<p>Ano de edi\u00e7\u00e3o:<\/p>\n<p>Editor: Livraria Bertrand<\/p>\n<p>Idioma: Portugu\u00eas<\/p>\n<p>Dimens\u00f5es: 14.5 x 2.7 x 20 cm<\/p>\n<p>Encaderna\u00e7\u00e3o: Capa dura<\/p>\n<p>P\u00e1ginas: 366<\/p>\n","protected":false},"excerpt":{"rendered":"<p>PARA QUE A TERRA N\u00c3O ESQUE\u00c7A L\u00e9on W. Wells Tradu\u00e7\u00e3o de Baptista Bastos e Manuel de Azevedo Ano de edi\u00e7\u00e3o: Editor: Livraria Bertrand Idioma: Portugu\u00eas Dimens\u00f5es: 14.5 x 2.7 x 20 cm Encaderna\u00e7\u00e3o: Capa dura P\u00e1ginas: 366<\/p>\n","protected":false},"featured_media":6483,"comment_status":"open","ping_status":"closed","template":"","meta":{"om_disable_all_campaigns":false,"_monsterinsights_skip_tracking":false,"_monsterinsights_sitenote_active":false,"_monsterinsights_sitenote_note":"","_monsterinsights_sitenote_category":0,"_uf_show_specific_survey":0,"_uf_disable_surveys":false},"product_cat":[30,26,36],"product_tag":[],"aioseo_notices":[],"jetpack_sharing_enabled":true,"_links":{"self":[{"href":"https:\/\/casadolivreiro.pt\/index.php\/wp-json\/wp\/v2\/product\/6482"}],"collection":[{"href":"https:\/\/casadolivreiro.pt\/index.php\/wp-json\/wp\/v2\/product"}],"about":[{"href":"https:\/\/casadolivreiro.pt\/index.php\/wp-json\/wp\/v2\/types\/product"}],"replies":[{"embeddable":true,"href":"https:\/\/casadolivreiro.pt\/index.php\/wp-json\/wp\/v2\/comments?post=6482"}],"wp:featuredmedia":[{"embeddable":true,"href":"https:\/\/casadolivreiro.pt\/index.php\/wp-json\/wp\/v2\/media\/6483"}],"wp:attachment":[{"href":"https:\/\/casadolivreiro.pt\/index.php\/wp-json\/wp\/v2\/media?parent=6482"}],"wp:term":[{"taxonomy":"product_cat","embeddable":true,"href":"https:\/\/casadolivreiro.pt\/index.php\/wp-json\/wp\/v2\/product_cat?post=6482"},{"taxonomy":"product_tag","embeddable":true,"href":"https:\/\/casadolivreiro.pt\/index.php\/wp-json\/wp\/v2\/product_tag?post=6482"}],"curies":[{"name":"wp","href":"https:\/\/api.w.org\/{rel}","templated":true}]}}