{"id":647,"date":"2024-03-15T14:45:46","date_gmt":"2024-03-15T14:45:46","guid":{"rendered":"https:\/\/casadolivreiro.pt\/?post_type=product&#038;p=647"},"modified":"2024-03-15T14:45:46","modified_gmt":"2024-03-15T14:45:46","slug":"nocoes-basicas-de-economia-maria-jose-constancia","status":"publish","type":"product","link":"https:\/\/casadolivreiro.pt\/index.php\/product\/nocoes-basicas-de-economia-maria-jose-constancia\/","title":{"rendered":"NO\u00c7\u00d5ES B\u00c1SICAS DE ECONOMIA &#8211; Maria Jos\u00e9 Const\u00e2ncia"},"content":{"rendered":"<p>NO\u00c7\u00d5ES B\u00c1SICAS DE ECONOMIA<br \/>\nMaria Jos\u00e9 Const\u00e2ncia<br \/>\nBiblioteca de economia e gest\u00e3o<br \/>\nISBN: 972-20-0764-5<br \/>\nAno de edi\u00e7\u00e3o: 1992<br \/>\nEditor: Publica\u00e7\u00f5es Dom Quixote, Lisboa<br \/>\nIdioma: Portugu\u00eas<br \/>\nDimens\u00f5es: 15.3 x 2.2 x 23.5 cm<br \/>\nEncaderna\u00e7\u00e3o: Capa mole<br \/>\nP\u00e1ginas: 135<\/p>\n","protected":false},"excerpt":{"rendered":"<p>NO\u00c7\u00d5ES B\u00c1SICAS DE ECONOMIA Maria Jos\u00e9 Const\u00e2ncia Biblioteca de economia e gest\u00e3o ISBN: 972-20-0764-5 Ano de edi\u00e7\u00e3o: 1992 Editor: Publica\u00e7\u00f5es Dom Quixote, Lisboa Idioma: Portugu\u00eas Dimens\u00f5es: 15.3 x 2.2 x 23.5 cm Encaderna\u00e7\u00e3o: Capa mole P\u00e1ginas: 135<\/p>\n","protected":false},"featured_media":648,"comment_status":"open","ping_status":"closed","template":"","meta":{"om_disable_all_campaigns":false,"_monsterinsights_skip_tracking":false,"_monsterinsights_sitenote_active":false,"_monsterinsights_sitenote_note":"","_monsterinsights_sitenote_category":0,"_uf_show_specific_survey":0,"_uf_disable_surveys":false},"product_cat":[41],"product_tag":[],"aioseo_notices":[],"jetpack_sharing_enabled":true,"_links":{"self":[{"href":"https:\/\/casadolivreiro.pt\/index.php\/wp-json\/wp\/v2\/product\/647"}],"collection":[{"href":"https:\/\/casadolivreiro.pt\/index.php\/wp-json\/wp\/v2\/product"}],"about":[{"href":"https:\/\/casadolivreiro.pt\/index.php\/wp-json\/wp\/v2\/types\/product"}],"replies":[{"embeddable":true,"href":"https:\/\/casadolivreiro.pt\/index.php\/wp-json\/wp\/v2\/comments?post=647"}],"wp:featuredmedia":[{"embeddable":true,"href":"https:\/\/casadolivreiro.pt\/index.php\/wp-json\/wp\/v2\/media\/648"}],"wp:attachment":[{"href":"https:\/\/casadolivreiro.pt\/index.php\/wp-json\/wp\/v2\/media?parent=647"}],"wp:term":[{"taxonomy":"product_cat","embeddable":true,"href":"https:\/\/casadolivreiro.pt\/index.php\/wp-json\/wp\/v2\/product_cat?post=647"},{"taxonomy":"product_tag","embeddable":true,"href":"https:\/\/casadolivreiro.pt\/index.php\/wp-json\/wp\/v2\/product_tag?post=647"}],"curies":[{"name":"wp","href":"https:\/\/api.w.org\/{rel}","templated":true}]}}