{"id":6464,"date":"2026-03-01T15:39:46","date_gmt":"2026-03-01T15:39:46","guid":{"rendered":"https:\/\/casadolivreiro.pt\/?post_type=product&#038;p=6464"},"modified":"2026-03-01T15:39:46","modified_gmt":"2026-03-01T15:39:46","slug":"currito-de-la-cruz-volumes-1-2-alejandro-perez-lugin","status":"publish","type":"product","link":"https:\/\/casadolivreiro.pt\/index.php\/product\/currito-de-la-cruz-volumes-1-2-alejandro-perez-lugin\/","title":{"rendered":"CURRITO DE LA CRUZ, Volumes 1 &#038; 2 &#8211; Alejandro P\u00e9rez Lug\u00edn"},"content":{"rendered":"<p>CURRITO DE LA CRUZ, Volumes 1 &amp; 2<\/p>\n<p>Alejandro P\u00e9rez Lug\u00edn<\/p>\n<p>Tradu\u00e7\u00e3o de Rog\u00e9rio P\u00e9rez<\/p>\n<p>Ano de edi\u00e7\u00e3o: 1940?<\/p>\n<p>Editor: Portug\u00e1lia Editora, Lisboa<\/p>\n<p>Idioma: Portugu\u00eas<\/p>\n<p>Dimens\u00f5es: 12 x 2.5 x 19 cm<\/p>\n<p>Encaderna\u00e7\u00e3o: Capa dura<\/p>\n<p>P\u00e1ginas: 292 + 373<\/p>\n","protected":false},"excerpt":{"rendered":"<p>CURRITO DE LA CRUZ, Volumes 1 &amp; 2 Alejandro P\u00e9rez Lug\u00edn Tradu\u00e7\u00e3o de Rog\u00e9rio P\u00e9rez Ano de edi\u00e7\u00e3o: 1940? Editor: Portug\u00e1lia Editora, Lisboa Idioma: Portugu\u00eas Dimens\u00f5es: 12 x 2.5 x 19 cm Encaderna\u00e7\u00e3o: Capa dura P\u00e1ginas: 292 + 373<\/p>\n","protected":false},"featured_media":6465,"comment_status":"open","ping_status":"closed","template":"","meta":{"om_disable_all_campaigns":false,"_monsterinsights_skip_tracking":false,"_monsterinsights_sitenote_active":false,"_monsterinsights_sitenote_note":"","_monsterinsights_sitenote_category":0,"_uf_show_specific_survey":0,"_uf_disable_surveys":false},"product_cat":[26],"product_tag":[],"aioseo_notices":[],"jetpack_sharing_enabled":true,"_links":{"self":[{"href":"https:\/\/casadolivreiro.pt\/index.php\/wp-json\/wp\/v2\/product\/6464"}],"collection":[{"href":"https:\/\/casadolivreiro.pt\/index.php\/wp-json\/wp\/v2\/product"}],"about":[{"href":"https:\/\/casadolivreiro.pt\/index.php\/wp-json\/wp\/v2\/types\/product"}],"replies":[{"embeddable":true,"href":"https:\/\/casadolivreiro.pt\/index.php\/wp-json\/wp\/v2\/comments?post=6464"}],"wp:featuredmedia":[{"embeddable":true,"href":"https:\/\/casadolivreiro.pt\/index.php\/wp-json\/wp\/v2\/media\/6465"}],"wp:attachment":[{"href":"https:\/\/casadolivreiro.pt\/index.php\/wp-json\/wp\/v2\/media?parent=6464"}],"wp:term":[{"taxonomy":"product_cat","embeddable":true,"href":"https:\/\/casadolivreiro.pt\/index.php\/wp-json\/wp\/v2\/product_cat?post=6464"},{"taxonomy":"product_tag","embeddable":true,"href":"https:\/\/casadolivreiro.pt\/index.php\/wp-json\/wp\/v2\/product_tag?post=6464"}],"curies":[{"name":"wp","href":"https:\/\/api.w.org\/{rel}","templated":true}]}}