{"id":6442,"date":"2026-02-13T12:30:31","date_gmt":"2026-02-13T12:30:31","guid":{"rendered":"https:\/\/casadolivreiro.pt\/?post_type=product&#038;p=6442"},"modified":"2026-02-13T12:30:31","modified_gmt":"2026-02-13T12:30:31","slug":"o-pais-de-vidro-antologia-de-ficcao-contemporanea","status":"publish","type":"product","link":"https:\/\/casadolivreiro.pt\/index.php\/product\/o-pais-de-vidro-antologia-de-ficcao-contemporanea\/","title":{"rendered":"O PAIS DE VIDRO: Antologia de fic\u00e7\u00e3o contempor\u00e2nea"},"content":{"rendered":"<p>O PAIS DE VIDRO<\/p>\n<p>Antologia de fic\u00e7\u00e3o contempor\u00e2nea<\/p>\n<p>Colec\u00e7\u00e3o Nova Europa #4<\/p>\n<p>Tradu\u00e7\u00e3o de Carlos Marques<\/p>\n<p>Ano de edi\u00e7\u00e3o: 2004<\/p>\n<p>Editor: Grande Reportagem<\/p>\n<p>Idioma: Portugu\u00eas<\/p>\n<p>Dimens\u00f5es: 12 x 1.3 x 21.5 cm<\/p>\n<p>Encaderna\u00e7\u00e3o: Capa dura<\/p>\n<p>P\u00e1ginas: 133<\/p>\n","protected":false},"excerpt":{"rendered":"<p>O PAIS DE VIDRO Antologia de fic\u00e7\u00e3o contempor\u00e2nea Colec\u00e7\u00e3o Nova Europa #4 Tradu\u00e7\u00e3o de Carlos Marques Ano de edi\u00e7\u00e3o: 2004 Editor: Grande Reportagem Idioma: Portugu\u00eas Dimens\u00f5es: 12 x 1.3 x 21.5 cm Encaderna\u00e7\u00e3o: Capa dura P\u00e1ginas: 133<\/p>\n","protected":false},"featured_media":6443,"comment_status":"open","ping_status":"closed","template":"","meta":{"om_disable_all_campaigns":false,"_monsterinsights_skip_tracking":false,"_monsterinsights_sitenote_active":false,"_monsterinsights_sitenote_note":"","_monsterinsights_sitenote_category":0,"_uf_show_specific_survey":0,"_uf_disable_surveys":false},"product_cat":[26],"product_tag":[],"aioseo_notices":[],"jetpack_sharing_enabled":true,"_links":{"self":[{"href":"https:\/\/casadolivreiro.pt\/index.php\/wp-json\/wp\/v2\/product\/6442"}],"collection":[{"href":"https:\/\/casadolivreiro.pt\/index.php\/wp-json\/wp\/v2\/product"}],"about":[{"href":"https:\/\/casadolivreiro.pt\/index.php\/wp-json\/wp\/v2\/types\/product"}],"replies":[{"embeddable":true,"href":"https:\/\/casadolivreiro.pt\/index.php\/wp-json\/wp\/v2\/comments?post=6442"}],"wp:featuredmedia":[{"embeddable":true,"href":"https:\/\/casadolivreiro.pt\/index.php\/wp-json\/wp\/v2\/media\/6443"}],"wp:attachment":[{"href":"https:\/\/casadolivreiro.pt\/index.php\/wp-json\/wp\/v2\/media?parent=6442"}],"wp:term":[{"taxonomy":"product_cat","embeddable":true,"href":"https:\/\/casadolivreiro.pt\/index.php\/wp-json\/wp\/v2\/product_cat?post=6442"},{"taxonomy":"product_tag","embeddable":true,"href":"https:\/\/casadolivreiro.pt\/index.php\/wp-json\/wp\/v2\/product_tag?post=6442"}],"curies":[{"name":"wp","href":"https:\/\/api.w.org\/{rel}","templated":true}]}}