{"id":6434,"date":"2026-02-13T12:21:59","date_gmt":"2026-02-13T12:21:59","guid":{"rendered":"https:\/\/casadolivreiro.pt\/?post_type=product&#038;p=6434"},"modified":"2026-02-13T12:21:59","modified_gmt":"2026-02-13T12:21:59","slug":"o-preco-de-um-cao-patricia-highsmith","status":"publish","type":"product","link":"https:\/\/casadolivreiro.pt\/index.php\/product\/o-preco-de-um-cao-patricia-highsmith\/","title":{"rendered":"O PRE\u00c7O DE UM C\u00c3O &#8211; Patricia Highsmith"},"content":{"rendered":"<p>O PRE\u00c7O DE UM C\u00c3O<\/p>\n<p>Patricia Highsmith<\/p>\n<p>Tradu\u00e7\u00e3o de Bernardette Pinto Leite<\/p>\n<p>Ano de edi\u00e7\u00e3o: 1989<\/p>\n<p>Editor: Publica\u00e7\u00f5es Europa-Am\u00e9rica<\/p>\n<p>Idioma: Portugu\u00eas<\/p>\n<p>Dimens\u00f5es: 11.5 x 1.6 x 17.5 cm<\/p>\n<p>Encaderna\u00e7\u00e3o: Capa mole<\/p>\n<p>P\u00e1ginas: 213<\/p>\n","protected":false},"excerpt":{"rendered":"<p>O PRE\u00c7O DE UM C\u00c3O Patricia Highsmith Tradu\u00e7\u00e3o de Bernardette Pinto Leite Ano de edi\u00e7\u00e3o: 1989 Editor: Publica\u00e7\u00f5es Europa-Am\u00e9rica Idioma: Portugu\u00eas Dimens\u00f5es: 11.5 x 1.6 x 17.5 cm Encaderna\u00e7\u00e3o: Capa mole P\u00e1ginas: 213<\/p>\n","protected":false},"featured_media":6435,"comment_status":"open","ping_status":"closed","template":"","meta":{"om_disable_all_campaigns":false,"_monsterinsights_skip_tracking":false,"_monsterinsights_sitenote_active":false,"_monsterinsights_sitenote_note":"","_monsterinsights_sitenote_category":0,"_uf_show_specific_survey":0,"_uf_disable_surveys":false},"product_cat":[26],"product_tag":[],"aioseo_notices":[],"jetpack_sharing_enabled":true,"_links":{"self":[{"href":"https:\/\/casadolivreiro.pt\/index.php\/wp-json\/wp\/v2\/product\/6434"}],"collection":[{"href":"https:\/\/casadolivreiro.pt\/index.php\/wp-json\/wp\/v2\/product"}],"about":[{"href":"https:\/\/casadolivreiro.pt\/index.php\/wp-json\/wp\/v2\/types\/product"}],"replies":[{"embeddable":true,"href":"https:\/\/casadolivreiro.pt\/index.php\/wp-json\/wp\/v2\/comments?post=6434"}],"wp:featuredmedia":[{"embeddable":true,"href":"https:\/\/casadolivreiro.pt\/index.php\/wp-json\/wp\/v2\/media\/6435"}],"wp:attachment":[{"href":"https:\/\/casadolivreiro.pt\/index.php\/wp-json\/wp\/v2\/media?parent=6434"}],"wp:term":[{"taxonomy":"product_cat","embeddable":true,"href":"https:\/\/casadolivreiro.pt\/index.php\/wp-json\/wp\/v2\/product_cat?post=6434"},{"taxonomy":"product_tag","embeddable":true,"href":"https:\/\/casadolivreiro.pt\/index.php\/wp-json\/wp\/v2\/product_tag?post=6434"}],"curies":[{"name":"wp","href":"https:\/\/api.w.org\/{rel}","templated":true}]}}