{"id":6384,"date":"2026-02-12T23:47:40","date_gmt":"2026-02-12T23:47:40","guid":{"rendered":"https:\/\/casadolivreiro.pt\/?post_type=product&#038;p=6384"},"modified":"2026-02-12T23:47:40","modified_gmt":"2026-02-12T23:47:40","slug":"as-duas-faces-de-janeiro-patricia-highsmith","status":"publish","type":"product","link":"https:\/\/casadolivreiro.pt\/index.php\/product\/as-duas-faces-de-janeiro-patricia-highsmith\/","title":{"rendered":"AS DUAS FACES DE JANEIRO &#8211; Patricia Highsmith"},"content":{"rendered":"<p>AS DUAS FACES DE JANEIRO<\/p>\n<p>Patricia Highsmith<\/p>\n<p>Tradu\u00e7\u00e3o de Manuel Cordeiro<\/p>\n<p>Ano de edi\u00e7\u00e3o:<\/p>\n<p>Editor: Publica\u00e7\u00f5es Europa-Am\u00e9rica<\/p>\n<p>Idioma: Portugu\u00eas<\/p>\n<p>Dimens\u00f5es: 15 x 1.3 x 23 cm<\/p>\n<p>Encaderna\u00e7\u00e3o: Capa mole<\/p>\n<p>P\u00e1ginas: 214<\/p>\n","protected":false},"excerpt":{"rendered":"<p>AS DUAS FACES DE JANEIRO Patricia Highsmith Tradu\u00e7\u00e3o de Manuel Cordeiro Ano de edi\u00e7\u00e3o: Editor: Publica\u00e7\u00f5es Europa-Am\u00e9rica Idioma: Portugu\u00eas Dimens\u00f5es: 15 x 1.3 x 23 cm Encaderna\u00e7\u00e3o: Capa mole P\u00e1ginas: 214<\/p>\n","protected":false},"featured_media":6385,"comment_status":"open","ping_status":"closed","template":"","meta":{"om_disable_all_campaigns":false,"_monsterinsights_skip_tracking":false,"_monsterinsights_sitenote_active":false,"_monsterinsights_sitenote_note":"","_monsterinsights_sitenote_category":0,"_uf_show_specific_survey":0,"_uf_disable_surveys":false},"product_cat":[26],"product_tag":[],"aioseo_notices":[],"jetpack_sharing_enabled":true,"_links":{"self":[{"href":"https:\/\/casadolivreiro.pt\/index.php\/wp-json\/wp\/v2\/product\/6384"}],"collection":[{"href":"https:\/\/casadolivreiro.pt\/index.php\/wp-json\/wp\/v2\/product"}],"about":[{"href":"https:\/\/casadolivreiro.pt\/index.php\/wp-json\/wp\/v2\/types\/product"}],"replies":[{"embeddable":true,"href":"https:\/\/casadolivreiro.pt\/index.php\/wp-json\/wp\/v2\/comments?post=6384"}],"wp:featuredmedia":[{"embeddable":true,"href":"https:\/\/casadolivreiro.pt\/index.php\/wp-json\/wp\/v2\/media\/6385"}],"wp:attachment":[{"href":"https:\/\/casadolivreiro.pt\/index.php\/wp-json\/wp\/v2\/media?parent=6384"}],"wp:term":[{"taxonomy":"product_cat","embeddable":true,"href":"https:\/\/casadolivreiro.pt\/index.php\/wp-json\/wp\/v2\/product_cat?post=6384"},{"taxonomy":"product_tag","embeddable":true,"href":"https:\/\/casadolivreiro.pt\/index.php\/wp-json\/wp\/v2\/product_tag?post=6384"}],"curies":[{"name":"wp","href":"https:\/\/api.w.org\/{rel}","templated":true}]}}