{"id":6272,"date":"2026-02-11T16:44:56","date_gmt":"2026-02-11T16:44:56","guid":{"rendered":"https:\/\/casadolivreiro.pt\/?post_type=product&#038;p=6272"},"modified":"2026-02-11T16:44:57","modified_gmt":"2026-02-11T16:44:57","slug":"o-desafio-mundial-jean-jacques-servan-schreiber","status":"publish","type":"product","link":"https:\/\/casadolivreiro.pt\/index.php\/product\/o-desafio-mundial-jean-jacques-servan-schreiber\/","title":{"rendered":"O DESAFIO MUNDIAL &#8211; Jean-Jacques  Servan-Schreiber"},"content":{"rendered":"<p>O DESAFIO MUNDIAL<\/p>\n<p>Jean-Jacques\u00a0 Servan-Schreiber<\/p>\n<p>Tradu\u00e7\u00e3o de Ana Maria Raba\u00e7a e Manuel J. Palmeirim<\/p>\n<p>Ano de edi\u00e7\u00e3o: 1980<\/p>\n<p>Editor: Publica\u00e7\u00f5es Dom Quixote, Lisboa<\/p>\n<p>Idioma: Portugu\u00eas<\/p>\n<p>Dimens\u00f5es: 15.3 x 2.5 x 23.5 cm<\/p>\n<p>Encaderna\u00e7\u00e3o: Capa mole<\/p>\n<p>P\u00e1ginas: 361<\/p>\n","protected":false},"excerpt":{"rendered":"<p>O DESAFIO MUNDIAL Jean-Jacques\u00a0 Servan-Schreiber Tradu\u00e7\u00e3o de Ana Maria Raba\u00e7a e Manuel J. Palmeirim Ano de edi\u00e7\u00e3o: 1980 Editor: Publica\u00e7\u00f5es Dom Quixote, Lisboa Idioma: Portugu\u00eas Dimens\u00f5es: 15.3 x 2.5 x 23.5 cm Encaderna\u00e7\u00e3o: Capa mole P\u00e1ginas: 361<\/p>\n","protected":false},"featured_media":6273,"comment_status":"open","ping_status":"closed","template":"","meta":{"om_disable_all_campaigns":false,"_monsterinsights_skip_tracking":false,"_monsterinsights_sitenote_active":false,"_monsterinsights_sitenote_note":"","_monsterinsights_sitenote_category":0,"_uf_show_specific_survey":0,"_uf_disable_surveys":false},"product_cat":[26],"product_tag":[],"aioseo_notices":[],"jetpack_sharing_enabled":true,"_links":{"self":[{"href":"https:\/\/casadolivreiro.pt\/index.php\/wp-json\/wp\/v2\/product\/6272"}],"collection":[{"href":"https:\/\/casadolivreiro.pt\/index.php\/wp-json\/wp\/v2\/product"}],"about":[{"href":"https:\/\/casadolivreiro.pt\/index.php\/wp-json\/wp\/v2\/types\/product"}],"replies":[{"embeddable":true,"href":"https:\/\/casadolivreiro.pt\/index.php\/wp-json\/wp\/v2\/comments?post=6272"}],"wp:featuredmedia":[{"embeddable":true,"href":"https:\/\/casadolivreiro.pt\/index.php\/wp-json\/wp\/v2\/media\/6273"}],"wp:attachment":[{"href":"https:\/\/casadolivreiro.pt\/index.php\/wp-json\/wp\/v2\/media?parent=6272"}],"wp:term":[{"taxonomy":"product_cat","embeddable":true,"href":"https:\/\/casadolivreiro.pt\/index.php\/wp-json\/wp\/v2\/product_cat?post=6272"},{"taxonomy":"product_tag","embeddable":true,"href":"https:\/\/casadolivreiro.pt\/index.php\/wp-json\/wp\/v2\/product_tag?post=6272"}],"curies":[{"name":"wp","href":"https:\/\/api.w.org\/{rel}","templated":true}]}}