{"id":6195,"date":"2026-02-06T23:32:00","date_gmt":"2026-02-06T23:32:00","guid":{"rendered":"https:\/\/casadolivreiro.pt\/?post_type=product&#038;p=6195"},"modified":"2026-02-06T23:32:00","modified_gmt":"2026-02-06T23:32:00","slug":"o-homem-subjugado-esther-vilar","status":"publish","type":"product","link":"https:\/\/casadolivreiro.pt\/index.php\/product\/o-homem-subjugado-esther-vilar\/","title":{"rendered":"O HOMEM SUBJUGADO &#8211; Esther Vilar"},"content":{"rendered":"<p>O HOMEM SUBJUGADO<\/p>\n<p>Esther Vilar<\/p>\n<p>Tradu\u00e7\u00e3o de Chaves Ferreira<\/p>\n<p>Ano de edi\u00e7\u00e3o: 1972<\/p>\n<p>Editor: Editorial Futura, Lisboa<\/p>\n<p>Idioma: Portugu\u00eas<\/p>\n<p>Dimens\u00f5es: 14 x 1 x 21 cm<\/p>\n<p>Encaderna\u00e7\u00e3o: Capa mole<\/p>\n<p>P\u00e1ginas: 165<\/p>\n","protected":false},"excerpt":{"rendered":"<p>O HOMEM SUBJUGADO Esther Vilar Tradu\u00e7\u00e3o de Chaves Ferreira Ano de edi\u00e7\u00e3o: 1972 Editor: Editorial Futura, Lisboa Idioma: Portugu\u00eas Dimens\u00f5es: 14 x 1 x 21 cm Encaderna\u00e7\u00e3o: Capa mole P\u00e1ginas: 165<\/p>\n","protected":false},"featured_media":6196,"comment_status":"open","ping_status":"closed","template":"","meta":{"om_disable_all_campaigns":false,"_monsterinsights_skip_tracking":false,"_monsterinsights_sitenote_active":false,"_monsterinsights_sitenote_note":"","_monsterinsights_sitenote_category":0,"_uf_show_specific_survey":0,"_uf_disable_surveys":false},"product_cat":[31,43],"product_tag":[],"aioseo_notices":[],"jetpack_sharing_enabled":true,"_links":{"self":[{"href":"https:\/\/casadolivreiro.pt\/index.php\/wp-json\/wp\/v2\/product\/6195"}],"collection":[{"href":"https:\/\/casadolivreiro.pt\/index.php\/wp-json\/wp\/v2\/product"}],"about":[{"href":"https:\/\/casadolivreiro.pt\/index.php\/wp-json\/wp\/v2\/types\/product"}],"replies":[{"embeddable":true,"href":"https:\/\/casadolivreiro.pt\/index.php\/wp-json\/wp\/v2\/comments?post=6195"}],"wp:featuredmedia":[{"embeddable":true,"href":"https:\/\/casadolivreiro.pt\/index.php\/wp-json\/wp\/v2\/media\/6196"}],"wp:attachment":[{"href":"https:\/\/casadolivreiro.pt\/index.php\/wp-json\/wp\/v2\/media?parent=6195"}],"wp:term":[{"taxonomy":"product_cat","embeddable":true,"href":"https:\/\/casadolivreiro.pt\/index.php\/wp-json\/wp\/v2\/product_cat?post=6195"},{"taxonomy":"product_tag","embeddable":true,"href":"https:\/\/casadolivreiro.pt\/index.php\/wp-json\/wp\/v2\/product_tag?post=6195"}],"curies":[{"name":"wp","href":"https:\/\/api.w.org\/{rel}","templated":true}]}}