{"id":6189,"date":"2026-02-06T20:00:55","date_gmt":"2026-02-06T20:00:55","guid":{"rendered":"https:\/\/casadolivreiro.pt\/?post_type=product&#038;p=6189"},"modified":"2026-02-06T20:00:56","modified_gmt":"2026-02-06T20:00:56","slug":"rosebud-paul-bonnecarrere-joan-hemingway","status":"publish","type":"product","link":"https:\/\/casadolivreiro.pt\/index.php\/product\/rosebud-paul-bonnecarrere-joan-hemingway\/","title":{"rendered":"ROSEBUD &#8211; Paul Bonnecarr\u00e8re \/  Joan Hemingway"},"content":{"rendered":"<p>ROSEBUD<\/p>\n<p>Paul Bonnecarr\u00e8re \/\u00a0 Joan Hemingway<\/p>\n<p>Tradu\u00e7\u00e3o de Carlos Loures<\/p>\n<p>Ano de edi\u00e7\u00e3o: 1976<\/p>\n<p>Editor: Publica\u00e7\u00f5es Europa-Am\u00e9rica<\/p>\n<p>Idioma: Portugu\u00eas<\/p>\n<p>Dimens\u00f5es: 14 x 1.4 x 21 cm<\/p>\n<p>Encaderna\u00e7\u00e3o: Capa mole<\/p>\n<p>P\u00e1ginas: 261<\/p>\n","protected":false},"excerpt":{"rendered":"<p>ROSEBUD Paul Bonnecarr\u00e8re \/\u00a0 Joan Hemingway Tradu\u00e7\u00e3o de Carlos Loures Ano de edi\u00e7\u00e3o: 1976 Editor: Publica\u00e7\u00f5es Europa-Am\u00e9rica Idioma: Portugu\u00eas Dimens\u00f5es: 14 x 1.4 x 21 cm Encaderna\u00e7\u00e3o: Capa mole P\u00e1ginas: 261<\/p>\n","protected":false},"featured_media":6190,"comment_status":"open","ping_status":"closed","template":"","meta":{"om_disable_all_campaigns":false,"_monsterinsights_skip_tracking":false,"_monsterinsights_sitenote_active":false,"_monsterinsights_sitenote_note":"","_monsterinsights_sitenote_category":0,"_uf_show_specific_survey":0,"_uf_disable_surveys":false},"product_cat":[26],"product_tag":[],"aioseo_notices":[],"jetpack_sharing_enabled":true,"_links":{"self":[{"href":"https:\/\/casadolivreiro.pt\/index.php\/wp-json\/wp\/v2\/product\/6189"}],"collection":[{"href":"https:\/\/casadolivreiro.pt\/index.php\/wp-json\/wp\/v2\/product"}],"about":[{"href":"https:\/\/casadolivreiro.pt\/index.php\/wp-json\/wp\/v2\/types\/product"}],"replies":[{"embeddable":true,"href":"https:\/\/casadolivreiro.pt\/index.php\/wp-json\/wp\/v2\/comments?post=6189"}],"wp:featuredmedia":[{"embeddable":true,"href":"https:\/\/casadolivreiro.pt\/index.php\/wp-json\/wp\/v2\/media\/6190"}],"wp:attachment":[{"href":"https:\/\/casadolivreiro.pt\/index.php\/wp-json\/wp\/v2\/media?parent=6189"}],"wp:term":[{"taxonomy":"product_cat","embeddable":true,"href":"https:\/\/casadolivreiro.pt\/index.php\/wp-json\/wp\/v2\/product_cat?post=6189"},{"taxonomy":"product_tag","embeddable":true,"href":"https:\/\/casadolivreiro.pt\/index.php\/wp-json\/wp\/v2\/product_tag?post=6189"}],"curies":[{"name":"wp","href":"https:\/\/api.w.org\/{rel}","templated":true}]}}