{"id":615,"date":"2024-03-15T13:04:55","date_gmt":"2024-03-15T13:04:55","guid":{"rendered":"https:\/\/casadolivreiro.pt\/?post_type=product&#038;p=615"},"modified":"2024-03-15T13:04:55","modified_gmt":"2024-03-15T13:04:55","slug":"ripper-fredric-brown","status":"publish","type":"product","link":"https:\/\/casadolivreiro.pt\/index.php\/product\/ripper-fredric-brown\/","title":{"rendered":"RIPPER &#8211; Fredric Brown"},"content":{"rendered":"<p>RIPPER<br \/>\nFredric Brown<br \/>\nTradu\u00e7\u00e3o de Eduardo Sal\u00f3<br \/>\nAno de edi\u00e7\u00e3o:<br \/>\nEditor: Galeria Panorama, Porto<br \/>\nIdioma: Portugu\u00eas<br \/>\nDimens\u00f5es: 14 x 1.5 x 19.8 cm<br \/>\nEncaderna\u00e7\u00e3o: Capa mole<br \/>\nP\u00e1ginas: 240<\/p>\n","protected":false},"excerpt":{"rendered":"<p>RIPPER Fredric Brown Tradu\u00e7\u00e3o de Eduardo Sal\u00f3 Ano de edi\u00e7\u00e3o: Editor: Galeria Panorama, Porto Idioma: Portugu\u00eas Dimens\u00f5es: 14 x 1.5 x 19.8 cm Encaderna\u00e7\u00e3o: Capa mole P\u00e1ginas: 240<\/p>\n","protected":false},"featured_media":616,"comment_status":"open","ping_status":"closed","template":"","meta":{"om_disable_all_campaigns":false,"_monsterinsights_skip_tracking":false,"_monsterinsights_sitenote_active":false,"_monsterinsights_sitenote_note":"","_monsterinsights_sitenote_category":0,"_uf_show_specific_survey":0,"_uf_disable_surveys":false},"product_cat":[44],"product_tag":[],"aioseo_notices":[],"jetpack_sharing_enabled":true,"_links":{"self":[{"href":"https:\/\/casadolivreiro.pt\/index.php\/wp-json\/wp\/v2\/product\/615"}],"collection":[{"href":"https:\/\/casadolivreiro.pt\/index.php\/wp-json\/wp\/v2\/product"}],"about":[{"href":"https:\/\/casadolivreiro.pt\/index.php\/wp-json\/wp\/v2\/types\/product"}],"replies":[{"embeddable":true,"href":"https:\/\/casadolivreiro.pt\/index.php\/wp-json\/wp\/v2\/comments?post=615"}],"wp:featuredmedia":[{"embeddable":true,"href":"https:\/\/casadolivreiro.pt\/index.php\/wp-json\/wp\/v2\/media\/616"}],"wp:attachment":[{"href":"https:\/\/casadolivreiro.pt\/index.php\/wp-json\/wp\/v2\/media?parent=615"}],"wp:term":[{"taxonomy":"product_cat","embeddable":true,"href":"https:\/\/casadolivreiro.pt\/index.php\/wp-json\/wp\/v2\/product_cat?post=615"},{"taxonomy":"product_tag","embeddable":true,"href":"https:\/\/casadolivreiro.pt\/index.php\/wp-json\/wp\/v2\/product_tag?post=615"}],"curies":[{"name":"wp","href":"https:\/\/api.w.org\/{rel}","templated":true}]}}