{"id":6145,"date":"2026-02-06T17:17:24","date_gmt":"2026-02-06T17:17:24","guid":{"rendered":"https:\/\/casadolivreiro.pt\/?post_type=product&#038;p=6145"},"modified":"2026-02-06T17:17:24","modified_gmt":"2026-02-06T17:17:24","slug":"contacto-em-salzburg-helen-mac-innes","status":"publish","type":"product","link":"https:\/\/casadolivreiro.pt\/index.php\/product\/contacto-em-salzburg-helen-mac-innes\/","title":{"rendered":"CONTACTO EM SALZBURG &#8211; Helen Mac Innes"},"content":{"rendered":"<p>CONTACTO EM SALZBURG<\/p>\n<p>Helen Mac Innes<\/p>\n<p>Tradu\u00e7\u00e3o de Carlos Alberto Sim\u00f5es<\/p>\n<p>Ano de edi\u00e7\u00e3o: 1969 ( 1.\u00aa edi\u00e7\u00e3o)<\/p>\n<p>Editor: Editorial Ibis<\/p>\n<p>Idioma: Portugu\u00eas<\/p>\n<p>Dimens\u00f5es: 14 x 2.5 x 21 cm<\/p>\n<p>Encaderna\u00e7\u00e3o: Capa dura<\/p>\n<p>P\u00e1ginas: 426<\/p>\n","protected":false},"excerpt":{"rendered":"<p>CONTACTO EM SALZBURG Helen Mac Innes Tradu\u00e7\u00e3o de Carlos Alberto Sim\u00f5es Ano de edi\u00e7\u00e3o: 1969 ( 1.\u00aa edi\u00e7\u00e3o) Editor: Editorial Ibis Idioma: Portugu\u00eas Dimens\u00f5es: 14 x 2.5 x 21 cm Encaderna\u00e7\u00e3o: Capa dura P\u00e1ginas: 426<\/p>\n","protected":false},"featured_media":6146,"comment_status":"open","ping_status":"closed","template":"","meta":{"om_disable_all_campaigns":false,"_monsterinsights_skip_tracking":false,"_monsterinsights_sitenote_active":false,"_monsterinsights_sitenote_note":"","_monsterinsights_sitenote_category":0,"_uf_show_specific_survey":0,"_uf_disable_surveys":false},"product_cat":[26,61],"product_tag":[],"aioseo_notices":[],"jetpack_sharing_enabled":true,"_links":{"self":[{"href":"https:\/\/casadolivreiro.pt\/index.php\/wp-json\/wp\/v2\/product\/6145"}],"collection":[{"href":"https:\/\/casadolivreiro.pt\/index.php\/wp-json\/wp\/v2\/product"}],"about":[{"href":"https:\/\/casadolivreiro.pt\/index.php\/wp-json\/wp\/v2\/types\/product"}],"replies":[{"embeddable":true,"href":"https:\/\/casadolivreiro.pt\/index.php\/wp-json\/wp\/v2\/comments?post=6145"}],"wp:featuredmedia":[{"embeddable":true,"href":"https:\/\/casadolivreiro.pt\/index.php\/wp-json\/wp\/v2\/media\/6146"}],"wp:attachment":[{"href":"https:\/\/casadolivreiro.pt\/index.php\/wp-json\/wp\/v2\/media?parent=6145"}],"wp:term":[{"taxonomy":"product_cat","embeddable":true,"href":"https:\/\/casadolivreiro.pt\/index.php\/wp-json\/wp\/v2\/product_cat?post=6145"},{"taxonomy":"product_tag","embeddable":true,"href":"https:\/\/casadolivreiro.pt\/index.php\/wp-json\/wp\/v2\/product_tag?post=6145"}],"curies":[{"name":"wp","href":"https:\/\/api.w.org\/{rel}","templated":true}]}}