{"id":6098,"date":"2026-01-28T12:30:11","date_gmt":"2026-01-28T12:30:11","guid":{"rendered":"https:\/\/casadolivreiro.pt\/?post_type=product&#038;p=6098"},"modified":"2026-01-28T12:30:11","modified_gmt":"2026-01-28T12:30:11","slug":"a-boneca-de-quilengues-arnaldo-santos","status":"publish","type":"product","link":"https:\/\/casadolivreiro.pt\/index.php\/product\/a-boneca-de-quilengues-arnaldo-santos\/","title":{"rendered":"A BONECA DE QUILENGUES &#8211; Arnaldo Santos"},"content":{"rendered":"<p>A BONECA DE QUILENGUES<\/p>\n<p>Arnaldo Santos<\/p>\n<p>Ano de edi\u00e7\u00e3o: 1992 ( 1.\u00aa edi\u00e7\u00e3o)<\/p>\n<p>Editor: Edi\u00e7\u00f5es ASA<\/p>\n<p>Idioma: Portugu\u00eas<\/p>\n<p>Dimens\u00f5es: 12.5 x 1.5 x 20.2 cm<\/p>\n<p>Encaderna\u00e7\u00e3o: Capa dura<\/p>\n<p>P\u00e1ginas: 142<\/p>\n","protected":false},"excerpt":{"rendered":"<p>A BONECA DE QUILENGUES Arnaldo Santos Ano de edi\u00e7\u00e3o: 1992 ( 1.\u00aa edi\u00e7\u00e3o) Editor: Edi\u00e7\u00f5es ASA Idioma: Portugu\u00eas Dimens\u00f5es: 12.5 x 1.5 x 20.2 cm Encaderna\u00e7\u00e3o: Capa dura P\u00e1ginas: 142<\/p>\n","protected":false},"featured_media":6099,"comment_status":"open","ping_status":"closed","template":"","meta":{"om_disable_all_campaigns":false,"_monsterinsights_skip_tracking":false,"_monsterinsights_sitenote_active":false,"_monsterinsights_sitenote_note":"","_monsterinsights_sitenote_category":0,"_uf_show_specific_survey":0,"_uf_disable_surveys":false},"product_cat":[25],"product_tag":[],"aioseo_notices":[],"jetpack_sharing_enabled":true,"_links":{"self":[{"href":"https:\/\/casadolivreiro.pt\/index.php\/wp-json\/wp\/v2\/product\/6098"}],"collection":[{"href":"https:\/\/casadolivreiro.pt\/index.php\/wp-json\/wp\/v2\/product"}],"about":[{"href":"https:\/\/casadolivreiro.pt\/index.php\/wp-json\/wp\/v2\/types\/product"}],"replies":[{"embeddable":true,"href":"https:\/\/casadolivreiro.pt\/index.php\/wp-json\/wp\/v2\/comments?post=6098"}],"wp:featuredmedia":[{"embeddable":true,"href":"https:\/\/casadolivreiro.pt\/index.php\/wp-json\/wp\/v2\/media\/6099"}],"wp:attachment":[{"href":"https:\/\/casadolivreiro.pt\/index.php\/wp-json\/wp\/v2\/media?parent=6098"}],"wp:term":[{"taxonomy":"product_cat","embeddable":true,"href":"https:\/\/casadolivreiro.pt\/index.php\/wp-json\/wp\/v2\/product_cat?post=6098"},{"taxonomy":"product_tag","embeddable":true,"href":"https:\/\/casadolivreiro.pt\/index.php\/wp-json\/wp\/v2\/product_tag?post=6098"}],"curies":[{"name":"wp","href":"https:\/\/api.w.org\/{rel}","templated":true}]}}