{"id":6094,"date":"2026-01-28T12:21:13","date_gmt":"2026-01-28T12:21:13","guid":{"rendered":"https:\/\/casadolivreiro.pt\/?post_type=product&#038;p=6094"},"modified":"2026-01-28T12:21:13","modified_gmt":"2026-01-28T12:21:13","slug":"o-homem-que-viveu-a-noite-elvira-da-costa-nunes","status":"publish","type":"product","link":"https:\/\/casadolivreiro.pt\/index.php\/product\/o-homem-que-viveu-a-noite-elvira-da-costa-nunes\/","title":{"rendered":"O HOMEM QUE VIVEU A NOITE &#8211; Elvira da Costa Nunes"},"content":{"rendered":"<p>O HOMEM QUE VIVEU A NOITE<\/p>\n<p>Elvira da Costa Nunes<\/p>\n<p>Ano de edi\u00e7\u00e3o: 1969<\/p>\n<p>Editor: Sociedade Expans\u00e3o Cultural, Lisboa<\/p>\n<p>Idioma: Portugu\u00eas<\/p>\n<p>Dimens\u00f5es: 13 x 0.8 x 19.3 cm<\/p>\n<p>Encaderna\u00e7\u00e3o: Capa mole<\/p>\n<p>P\u00e1ginas: 142<\/p>\n","protected":false},"excerpt":{"rendered":"<p>O HOMEM QUE VIVEU A NOITE Elvira da Costa Nunes Ano de edi\u00e7\u00e3o: 1969 Editor: Sociedade Expans\u00e3o Cultural, Lisboa Idioma: Portugu\u00eas Dimens\u00f5es: 13 x 0.8 x 19.3 cm Encaderna\u00e7\u00e3o: Capa mole P\u00e1ginas: 142<\/p>\n","protected":false},"featured_media":6095,"comment_status":"open","ping_status":"closed","template":"","meta":{"om_disable_all_campaigns":false,"_monsterinsights_skip_tracking":false,"_monsterinsights_sitenote_active":false,"_monsterinsights_sitenote_note":"","_monsterinsights_sitenote_category":0,"_uf_show_specific_survey":0,"_uf_disable_surveys":false},"product_cat":[25],"product_tag":[],"aioseo_notices":[],"jetpack_sharing_enabled":true,"_links":{"self":[{"href":"https:\/\/casadolivreiro.pt\/index.php\/wp-json\/wp\/v2\/product\/6094"}],"collection":[{"href":"https:\/\/casadolivreiro.pt\/index.php\/wp-json\/wp\/v2\/product"}],"about":[{"href":"https:\/\/casadolivreiro.pt\/index.php\/wp-json\/wp\/v2\/types\/product"}],"replies":[{"embeddable":true,"href":"https:\/\/casadolivreiro.pt\/index.php\/wp-json\/wp\/v2\/comments?post=6094"}],"wp:featuredmedia":[{"embeddable":true,"href":"https:\/\/casadolivreiro.pt\/index.php\/wp-json\/wp\/v2\/media\/6095"}],"wp:attachment":[{"href":"https:\/\/casadolivreiro.pt\/index.php\/wp-json\/wp\/v2\/media?parent=6094"}],"wp:term":[{"taxonomy":"product_cat","embeddable":true,"href":"https:\/\/casadolivreiro.pt\/index.php\/wp-json\/wp\/v2\/product_cat?post=6094"},{"taxonomy":"product_tag","embeddable":true,"href":"https:\/\/casadolivreiro.pt\/index.php\/wp-json\/wp\/v2\/product_tag?post=6094"}],"curies":[{"name":"wp","href":"https:\/\/api.w.org\/{rel}","templated":true}]}}