{"id":6086,"date":"2026-01-28T11:49:21","date_gmt":"2026-01-28T11:49:21","guid":{"rendered":"https:\/\/casadolivreiro.pt\/?post_type=product&#038;p=6086"},"modified":"2026-01-28T11:49:21","modified_gmt":"2026-01-28T11:49:21","slug":"o-quiabo-comunista-carlos-eduardo-novaes","status":"publish","type":"product","link":"https:\/\/casadolivreiro.pt\/index.php\/product\/o-quiabo-comunista-carlos-eduardo-novaes\/","title":{"rendered":"O QUIABO COMUNISTA &#8211; Carlos Eduardo Novaes"},"content":{"rendered":"<p>O QUIABO COMUNISTA<\/p>\n<p>Carlos Eduardo Novaes<\/p>\n<p>Ano de edi\u00e7\u00e3o: 1977<\/p>\n<p>Editor: Editorial Nordica, Ltda., Rio de Janeiro<\/p>\n<p>Idioma: Portugu\u00eas<\/p>\n<p>Dimens\u00f5es: 14 x 1.3 x 21 cm<\/p>\n<p>Encaderna\u00e7\u00e3o: Capa mole<\/p>\n<p>P\u00e1ginas: 190<\/p>\n","protected":false},"excerpt":{"rendered":"<p>O QUIABO COMUNISTA Carlos Eduardo Novaes Ano de edi\u00e7\u00e3o: 1977 Editor: Editorial Nordica, Ltda., Rio de Janeiro Idioma: Portugu\u00eas Dimens\u00f5es: 14 x 1.3 x 21 cm Encaderna\u00e7\u00e3o: Capa mole P\u00e1ginas: 190<\/p>\n","protected":false},"featured_media":6087,"comment_status":"open","ping_status":"closed","template":"","meta":{"om_disable_all_campaigns":false,"_monsterinsights_skip_tracking":false,"_monsterinsights_sitenote_active":false,"_monsterinsights_sitenote_note":"","_monsterinsights_sitenote_category":0,"_uf_show_specific_survey":0,"_uf_disable_surveys":false},"product_cat":[25],"product_tag":[],"aioseo_notices":[],"jetpack_sharing_enabled":true,"_links":{"self":[{"href":"https:\/\/casadolivreiro.pt\/index.php\/wp-json\/wp\/v2\/product\/6086"}],"collection":[{"href":"https:\/\/casadolivreiro.pt\/index.php\/wp-json\/wp\/v2\/product"}],"about":[{"href":"https:\/\/casadolivreiro.pt\/index.php\/wp-json\/wp\/v2\/types\/product"}],"replies":[{"embeddable":true,"href":"https:\/\/casadolivreiro.pt\/index.php\/wp-json\/wp\/v2\/comments?post=6086"}],"wp:featuredmedia":[{"embeddable":true,"href":"https:\/\/casadolivreiro.pt\/index.php\/wp-json\/wp\/v2\/media\/6087"}],"wp:attachment":[{"href":"https:\/\/casadolivreiro.pt\/index.php\/wp-json\/wp\/v2\/media?parent=6086"}],"wp:term":[{"taxonomy":"product_cat","embeddable":true,"href":"https:\/\/casadolivreiro.pt\/index.php\/wp-json\/wp\/v2\/product_cat?post=6086"},{"taxonomy":"product_tag","embeddable":true,"href":"https:\/\/casadolivreiro.pt\/index.php\/wp-json\/wp\/v2\/product_tag?post=6086"}],"curies":[{"name":"wp","href":"https:\/\/api.w.org\/{rel}","templated":true}]}}