{"id":6060,"date":"2026-01-27T17:43:09","date_gmt":"2026-01-27T17:43:09","guid":{"rendered":"https:\/\/casadolivreiro.pt\/?post_type=product&#038;p=6060"},"modified":"2026-01-27T17:43:09","modified_gmt":"2026-01-27T17:43:09","slug":"manuel-teixeira-gomes-les-morts-vont-vite-graca-maia","status":"publish","type":"product","link":"https:\/\/casadolivreiro.pt\/index.php\/product\/manuel-teixeira-gomes-les-morts-vont-vite-graca-maia\/","title":{"rendered":"MANUEL TEIXEIRA GOMES: Les morts vont vite &#8211; Gra\u00e7a Maia"},"content":{"rendered":"<p>MANUEL TEIXEIRA GOMES: Les morts vont vite<\/p>\n<p>Gra\u00e7a Maia<\/p>\n<p>Ano de edi\u00e7\u00e3o: 2011<\/p>\n<p>Editor: Edi\u00e7\u00f5es Colobri<\/p>\n<p>Idioma: Portugu\u00eas<\/p>\n<p>Dimens\u00f5es: 14.7 x 0.8 x 21 cm<\/p>\n<p>Encaderna\u00e7\u00e3o: Capa mole<\/p>\n<p>P\u00e1ginas: 87<\/p>\n","protected":false},"excerpt":{"rendered":"<p>MANUEL TEIXEIRA GOMES: Les morts vont vite Gra\u00e7a Maia Ano de edi\u00e7\u00e3o: 2011 Editor: Edi\u00e7\u00f5es Colobri Idioma: Portugu\u00eas Dimens\u00f5es: 14.7 x 0.8 x 21 cm Encaderna\u00e7\u00e3o: Capa mole P\u00e1ginas: 87<\/p>\n","protected":false},"featured_media":6061,"comment_status":"open","ping_status":"closed","template":"","meta":{"om_disable_all_campaigns":false,"_monsterinsights_skip_tracking":false,"_monsterinsights_sitenote_active":false,"_monsterinsights_sitenote_note":"","_monsterinsights_sitenote_category":0,"_uf_show_specific_survey":0,"_uf_disable_surveys":false},"product_cat":[25],"product_tag":[],"aioseo_notices":[],"jetpack_sharing_enabled":true,"_links":{"self":[{"href":"https:\/\/casadolivreiro.pt\/index.php\/wp-json\/wp\/v2\/product\/6060"}],"collection":[{"href":"https:\/\/casadolivreiro.pt\/index.php\/wp-json\/wp\/v2\/product"}],"about":[{"href":"https:\/\/casadolivreiro.pt\/index.php\/wp-json\/wp\/v2\/types\/product"}],"replies":[{"embeddable":true,"href":"https:\/\/casadolivreiro.pt\/index.php\/wp-json\/wp\/v2\/comments?post=6060"}],"wp:featuredmedia":[{"embeddable":true,"href":"https:\/\/casadolivreiro.pt\/index.php\/wp-json\/wp\/v2\/media\/6061"}],"wp:attachment":[{"href":"https:\/\/casadolivreiro.pt\/index.php\/wp-json\/wp\/v2\/media?parent=6060"}],"wp:term":[{"taxonomy":"product_cat","embeddable":true,"href":"https:\/\/casadolivreiro.pt\/index.php\/wp-json\/wp\/v2\/product_cat?post=6060"},{"taxonomy":"product_tag","embeddable":true,"href":"https:\/\/casadolivreiro.pt\/index.php\/wp-json\/wp\/v2\/product_tag?post=6060"}],"curies":[{"name":"wp","href":"https:\/\/api.w.org\/{rel}","templated":true}]}}