{"id":6040,"date":"2026-01-27T16:50:20","date_gmt":"2026-01-27T16:50:20","guid":{"rendered":"https:\/\/casadolivreiro.pt\/?post_type=product&#038;p=6040"},"modified":"2026-01-27T16:50:20","modified_gmt":"2026-01-27T16:50:20","slug":"eusebio-macario-camilo-castelo-branco-2","status":"publish","type":"product","link":"https:\/\/casadolivreiro.pt\/index.php\/product\/eusebio-macario-camilo-castelo-branco-2\/","title":{"rendered":"EUS\u00c9BIO MAC\u00c1RIO &#8211; Camilo Castelo Branco"},"content":{"rendered":"<p>EUS\u00c9BIO MAC\u00c1RIO<\/p>\n<p>Camilo Castelo Branco<\/p>\n<p>Ano de edi\u00e7\u00e3o: 2016<\/p>\n<p>Editor: Expresso<\/p>\n<p>Idioma: Portugu\u00eas<\/p>\n<p>Dimens\u00f5es: 13.5 x 1 x 19 cm<\/p>\n<p>Encaderna\u00e7\u00e3o: Capa mole<\/p>\n<p>P\u00e1ginas: 118<\/p>\n","protected":false},"excerpt":{"rendered":"<p>EUS\u00c9BIO MAC\u00c1RIO Camilo Castelo Branco Ano de edi\u00e7\u00e3o: 2016 Editor: Expresso Idioma: Portugu\u00eas Dimens\u00f5es: 13.5 x 1 x 19 cm Encaderna\u00e7\u00e3o: Capa mole P\u00e1ginas: 118<\/p>\n","protected":false},"featured_media":6041,"comment_status":"open","ping_status":"closed","template":"","meta":{"om_disable_all_campaigns":false,"_monsterinsights_skip_tracking":false,"_monsterinsights_sitenote_active":false,"_monsterinsights_sitenote_note":"","_monsterinsights_sitenote_category":0,"_uf_show_specific_survey":0,"_uf_disable_surveys":false},"product_cat":[25],"product_tag":[],"aioseo_notices":[],"jetpack_sharing_enabled":true,"_links":{"self":[{"href":"https:\/\/casadolivreiro.pt\/index.php\/wp-json\/wp\/v2\/product\/6040"}],"collection":[{"href":"https:\/\/casadolivreiro.pt\/index.php\/wp-json\/wp\/v2\/product"}],"about":[{"href":"https:\/\/casadolivreiro.pt\/index.php\/wp-json\/wp\/v2\/types\/product"}],"replies":[{"embeddable":true,"href":"https:\/\/casadolivreiro.pt\/index.php\/wp-json\/wp\/v2\/comments?post=6040"}],"wp:featuredmedia":[{"embeddable":true,"href":"https:\/\/casadolivreiro.pt\/index.php\/wp-json\/wp\/v2\/media\/6041"}],"wp:attachment":[{"href":"https:\/\/casadolivreiro.pt\/index.php\/wp-json\/wp\/v2\/media?parent=6040"}],"wp:term":[{"taxonomy":"product_cat","embeddable":true,"href":"https:\/\/casadolivreiro.pt\/index.php\/wp-json\/wp\/v2\/product_cat?post=6040"},{"taxonomy":"product_tag","embeddable":true,"href":"https:\/\/casadolivreiro.pt\/index.php\/wp-json\/wp\/v2\/product_tag?post=6040"}],"curies":[{"name":"wp","href":"https:\/\/api.w.org\/{rel}","templated":true}]}}