{"id":5992,"date":"2026-01-19T17:56:43","date_gmt":"2026-01-19T17:56:43","guid":{"rendered":"https:\/\/casadolivreiro.pt\/?post_type=product&#038;p=5992"},"modified":"2026-01-19T17:56:43","modified_gmt":"2026-01-19T17:56:43","slug":"clicks-isabel-vasco-costa","status":"publish","type":"product","link":"https:\/\/casadolivreiro.pt\/index.php\/product\/clicks-isabel-vasco-costa\/","title":{"rendered":"CLICKS &#8211; Isabel Vasco Costa"},"content":{"rendered":"<p>CLICKS<\/p>\n<p>Isabel Vasco Costa<\/p>\n<p>Ano de edi\u00e7\u00e3o: 2002<\/p>\n<p>Editor: DIEL, Lisboa<\/p>\n<p>Idioma: Portugu\u00eas<\/p>\n<p>Dimens\u00f5es: 14.5 x 1 x 20.5 cm<\/p>\n<p>Encaderna\u00e7\u00e3o: Capa mole<\/p>\n<p>P\u00e1ginas: 146<\/p>\n","protected":false},"excerpt":{"rendered":"<p>CLICKS Isabel Vasco Costa Ano de edi\u00e7\u00e3o: 2002 Editor: DIEL, Lisboa Idioma: Portugu\u00eas Dimens\u00f5es: 14.5 x 1 x 20.5 cm Encaderna\u00e7\u00e3o: Capa mole P\u00e1ginas: 146<\/p>\n","protected":false},"featured_media":5993,"comment_status":"open","ping_status":"closed","template":"","meta":{"om_disable_all_campaigns":false,"_monsterinsights_skip_tracking":false,"_monsterinsights_sitenote_active":false,"_monsterinsights_sitenote_note":"","_monsterinsights_sitenote_category":0,"_uf_show_specific_survey":0,"_uf_disable_surveys":false},"product_cat":[25],"product_tag":[],"aioseo_notices":[],"jetpack_sharing_enabled":true,"_links":{"self":[{"href":"https:\/\/casadolivreiro.pt\/index.php\/wp-json\/wp\/v2\/product\/5992"}],"collection":[{"href":"https:\/\/casadolivreiro.pt\/index.php\/wp-json\/wp\/v2\/product"}],"about":[{"href":"https:\/\/casadolivreiro.pt\/index.php\/wp-json\/wp\/v2\/types\/product"}],"replies":[{"embeddable":true,"href":"https:\/\/casadolivreiro.pt\/index.php\/wp-json\/wp\/v2\/comments?post=5992"}],"wp:featuredmedia":[{"embeddable":true,"href":"https:\/\/casadolivreiro.pt\/index.php\/wp-json\/wp\/v2\/media\/5993"}],"wp:attachment":[{"href":"https:\/\/casadolivreiro.pt\/index.php\/wp-json\/wp\/v2\/media?parent=5992"}],"wp:term":[{"taxonomy":"product_cat","embeddable":true,"href":"https:\/\/casadolivreiro.pt\/index.php\/wp-json\/wp\/v2\/product_cat?post=5992"},{"taxonomy":"product_tag","embeddable":true,"href":"https:\/\/casadolivreiro.pt\/index.php\/wp-json\/wp\/v2\/product_tag?post=5992"}],"curies":[{"name":"wp","href":"https:\/\/api.w.org\/{rel}","templated":true}]}}