{"id":5980,"date":"2026-01-19T17:38:26","date_gmt":"2026-01-19T17:38:26","guid":{"rendered":"https:\/\/casadolivreiro.pt\/?post_type=product&#038;p=5980"},"modified":"2026-01-19T17:38:26","modified_gmt":"2026-01-19T17:38:26","slug":"na-constelacao-do-mundo-antonio-carvalho-martins","status":"publish","type":"product","link":"https:\/\/casadolivreiro.pt\/index.php\/product\/na-constelacao-do-mundo-antonio-carvalho-martins\/","title":{"rendered":"NA CONSTELA\u00c7\u00c3O DO MUNDO &#8211; Ant\u00f3nio Carvalho Martins"},"content":{"rendered":"<p>NA CONSTELA\u00c7\u00c3O DO MUNDO<\/p>\n<p>Ant\u00f3nio Carvalho Martins<\/p>\n<p>Ano de edi\u00e7\u00e3o: 2003<\/p>\n<p>Editor: edi\u00e7\u00e3o do autor<\/p>\n<p>Idioma: Portugu\u00eas<\/p>\n<p>Dimens\u00f5es: 14 x 0.5 x 21 cm<\/p>\n<p>Encaderna\u00e7\u00e3o: Capa mole<\/p>\n<p>P\u00e1ginas: 88<\/p>\n","protected":false},"excerpt":{"rendered":"<p>NA CONSTELA\u00c7\u00c3O DO MUNDO Ant\u00f3nio Carvalho Martins Ano de edi\u00e7\u00e3o: 2003 Editor: edi\u00e7\u00e3o do autor Idioma: Portugu\u00eas Dimens\u00f5es: 14 x 0.5 x 21 cm Encaderna\u00e7\u00e3o: Capa mole P\u00e1ginas: 88<\/p>\n","protected":false},"featured_media":5981,"comment_status":"open","ping_status":"closed","template":"","meta":{"om_disable_all_campaigns":false,"_monsterinsights_skip_tracking":false,"_monsterinsights_sitenote_active":false,"_monsterinsights_sitenote_note":"","_monsterinsights_sitenote_category":0,"_uf_show_specific_survey":0,"_uf_disable_surveys":false},"product_cat":[25],"product_tag":[],"aioseo_notices":[],"jetpack_sharing_enabled":true,"_links":{"self":[{"href":"https:\/\/casadolivreiro.pt\/index.php\/wp-json\/wp\/v2\/product\/5980"}],"collection":[{"href":"https:\/\/casadolivreiro.pt\/index.php\/wp-json\/wp\/v2\/product"}],"about":[{"href":"https:\/\/casadolivreiro.pt\/index.php\/wp-json\/wp\/v2\/types\/product"}],"replies":[{"embeddable":true,"href":"https:\/\/casadolivreiro.pt\/index.php\/wp-json\/wp\/v2\/comments?post=5980"}],"wp:featuredmedia":[{"embeddable":true,"href":"https:\/\/casadolivreiro.pt\/index.php\/wp-json\/wp\/v2\/media\/5981"}],"wp:attachment":[{"href":"https:\/\/casadolivreiro.pt\/index.php\/wp-json\/wp\/v2\/media?parent=5980"}],"wp:term":[{"taxonomy":"product_cat","embeddable":true,"href":"https:\/\/casadolivreiro.pt\/index.php\/wp-json\/wp\/v2\/product_cat?post=5980"},{"taxonomy":"product_tag","embeddable":true,"href":"https:\/\/casadolivreiro.pt\/index.php\/wp-json\/wp\/v2\/product_tag?post=5980"}],"curies":[{"name":"wp","href":"https:\/\/api.w.org\/{rel}","templated":true}]}}