{"id":5978,"date":"2026-01-19T17:36:42","date_gmt":"2026-01-19T17:36:42","guid":{"rendered":"https:\/\/casadolivreiro.pt\/?post_type=product&#038;p=5978"},"modified":"2026-01-19T17:36:42","modified_gmt":"2026-01-19T17:36:42","slug":"o-cavaleiro-das-sete-ilusoes-joao-amaral-junior","status":"publish","type":"product","link":"https:\/\/casadolivreiro.pt\/index.php\/product\/o-cavaleiro-das-sete-ilusoes-joao-amaral-junior\/","title":{"rendered":"O CAVALEIRO DAS SETE ILUS\u00d5ES &#8211; Jo\u00e3o Amaral J\u00fanior"},"content":{"rendered":"<p>O CAVALEIRO DAS SETE ILUS\u00d5ES<\/p>\n<p>Jo\u00e3o Amaral J\u00fanior<\/p>\n<p>Ano de edi\u00e7\u00e3o: 1967<\/p>\n<p>Editor: Romano Torres<\/p>\n<p>Idioma: Portugu\u00eas<\/p>\n<p>Dimens\u00f5es: 12.5 x 1.4 x 19.3 cm<\/p>\n<p>Encaderna\u00e7\u00e3o: Capa mole<\/p>\n<p>P\u00e1ginas: 223<\/p>\n","protected":false},"excerpt":{"rendered":"<p>O CAVALEIRO DAS SETE ILUS\u00d5ES Jo\u00e3o Amaral J\u00fanior Ano de edi\u00e7\u00e3o: 1967 Editor: Romano Torres Idioma: Portugu\u00eas Dimens\u00f5es: 12.5 x 1.4 x 19.3 cm Encaderna\u00e7\u00e3o: Capa mole P\u00e1ginas: 223<\/p>\n","protected":false},"featured_media":5979,"comment_status":"open","ping_status":"closed","template":"","meta":{"om_disable_all_campaigns":false,"_monsterinsights_skip_tracking":false,"_monsterinsights_sitenote_active":false,"_monsterinsights_sitenote_note":"","_monsterinsights_sitenote_category":0,"_uf_show_specific_survey":0,"_uf_disable_surveys":false},"product_cat":[25],"product_tag":[],"aioseo_notices":[],"jetpack_sharing_enabled":true,"_links":{"self":[{"href":"https:\/\/casadolivreiro.pt\/index.php\/wp-json\/wp\/v2\/product\/5978"}],"collection":[{"href":"https:\/\/casadolivreiro.pt\/index.php\/wp-json\/wp\/v2\/product"}],"about":[{"href":"https:\/\/casadolivreiro.pt\/index.php\/wp-json\/wp\/v2\/types\/product"}],"replies":[{"embeddable":true,"href":"https:\/\/casadolivreiro.pt\/index.php\/wp-json\/wp\/v2\/comments?post=5978"}],"wp:featuredmedia":[{"embeddable":true,"href":"https:\/\/casadolivreiro.pt\/index.php\/wp-json\/wp\/v2\/media\/5979"}],"wp:attachment":[{"href":"https:\/\/casadolivreiro.pt\/index.php\/wp-json\/wp\/v2\/media?parent=5978"}],"wp:term":[{"taxonomy":"product_cat","embeddable":true,"href":"https:\/\/casadolivreiro.pt\/index.php\/wp-json\/wp\/v2\/product_cat?post=5978"},{"taxonomy":"product_tag","embeddable":true,"href":"https:\/\/casadolivreiro.pt\/index.php\/wp-json\/wp\/v2\/product_tag?post=5978"}],"curies":[{"name":"wp","href":"https:\/\/api.w.org\/{rel}","templated":true}]}}