{"id":5909,"date":"2026-01-19T15:45:12","date_gmt":"2026-01-19T15:45:12","guid":{"rendered":"https:\/\/casadolivreiro.pt\/?post_type=product&#038;p=5909"},"modified":"2026-01-19T15:45:12","modified_gmt":"2026-01-19T15:45:12","slug":"eurico-o-presbitero-alexandre-herculano","status":"publish","type":"product","link":"https:\/\/casadolivreiro.pt\/index.php\/product\/eurico-o-presbitero-alexandre-herculano\/","title":{"rendered":"EURICO, O PRESB\u00cdTERO &#8211; Alexandre Herculano"},"content":{"rendered":"<p>EURICO, O PRESB\u00cdTERO<\/p>\n<p>Alexandre Herculano<\/p>\n<p>Colec\u00e7\u00e3o Grandes Autores Portugueses<\/p>\n<p>Ano de edi\u00e7\u00e3o: 2008<\/p>\n<p>Editor: QuidNovi<\/p>\n<p>Idioma: Portugu\u00eas<\/p>\n<p>Dimens\u00f5es: 11 x 0.9 x 16.8 cm<\/p>\n<p>Encaderna\u00e7\u00e3o: Capa mole<\/p>\n<p>P\u00e1ginas: 160<\/p>\n","protected":false},"excerpt":{"rendered":"<p>EURICO, O PRESB\u00cdTERO Alexandre Herculano Colec\u00e7\u00e3o Grandes Autores Portugueses Ano de edi\u00e7\u00e3o: 2008 Editor: QuidNovi Idioma: Portugu\u00eas Dimens\u00f5es: 11 x 0.9 x 16.8 cm Encaderna\u00e7\u00e3o: Capa mole P\u00e1ginas: 160<\/p>\n","protected":false},"featured_media":5910,"comment_status":"open","ping_status":"closed","template":"","meta":{"om_disable_all_campaigns":false,"_monsterinsights_skip_tracking":false,"_monsterinsights_sitenote_active":false,"_monsterinsights_sitenote_note":"","_monsterinsights_sitenote_category":0,"_uf_show_specific_survey":0,"_uf_disable_surveys":false},"product_cat":[25],"product_tag":[],"aioseo_notices":[],"jetpack_sharing_enabled":true,"_links":{"self":[{"href":"https:\/\/casadolivreiro.pt\/index.php\/wp-json\/wp\/v2\/product\/5909"}],"collection":[{"href":"https:\/\/casadolivreiro.pt\/index.php\/wp-json\/wp\/v2\/product"}],"about":[{"href":"https:\/\/casadolivreiro.pt\/index.php\/wp-json\/wp\/v2\/types\/product"}],"replies":[{"embeddable":true,"href":"https:\/\/casadolivreiro.pt\/index.php\/wp-json\/wp\/v2\/comments?post=5909"}],"wp:featuredmedia":[{"embeddable":true,"href":"https:\/\/casadolivreiro.pt\/index.php\/wp-json\/wp\/v2\/media\/5910"}],"wp:attachment":[{"href":"https:\/\/casadolivreiro.pt\/index.php\/wp-json\/wp\/v2\/media?parent=5909"}],"wp:term":[{"taxonomy":"product_cat","embeddable":true,"href":"https:\/\/casadolivreiro.pt\/index.php\/wp-json\/wp\/v2\/product_cat?post=5909"},{"taxonomy":"product_tag","embeddable":true,"href":"https:\/\/casadolivreiro.pt\/index.php\/wp-json\/wp\/v2\/product_tag?post=5909"}],"curies":[{"name":"wp","href":"https:\/\/api.w.org\/{rel}","templated":true}]}}