{"id":590,"date":"2024-03-15T12:04:55","date_gmt":"2024-03-15T12:04:55","guid":{"rendered":"https:\/\/casadolivreiro.pt\/?post_type=product&#038;p=590"},"modified":"2024-03-15T12:09:22","modified_gmt":"2024-03-15T12:09:22","slug":"resposta-a-matilde-fernando-namora","status":"publish","type":"product","link":"https:\/\/casadolivreiro.pt\/index.php\/product\/resposta-a-matilde-fernando-namora\/","title":{"rendered":"RESPOSTA A MATILDE &#8211; Fernando Namora"},"content":{"rendered":"<p>RESPOSTA A MATILDE<br \/>\nFernando Namora<br \/>\nPrimeira edi\u00e7\u00e3o<br \/>\nAno de edi\u00e7\u00e3o: 1981<br \/>\nEditor: Circulo de Leitores Lda.<br \/>\nIdioma: Portugu\u00eas<br \/>\nDimens\u00f5es: 12 x 1.8 x 20 cm<br \/>\nEncaderna\u00e7\u00e3o: Capa dura<br \/>\nP\u00e1ginas: 224<\/p>\n","protected":false},"excerpt":{"rendered":"<p>RESPOSTA A MATILDE Fernando Namora Primeira edi\u00e7\u00e3o Ano de edi\u00e7\u00e3o: 1981 Editor: Circulo de Leitores Lda. Idioma: Portugu\u00eas Dimens\u00f5es: 12 x 1.8 x 20 cm Encaderna\u00e7\u00e3o: Capa dura P\u00e1ginas: 224<\/p>\n","protected":false},"featured_media":591,"comment_status":"open","ping_status":"closed","template":"","meta":{"om_disable_all_campaigns":false,"_monsterinsights_skip_tracking":false,"_monsterinsights_sitenote_active":false,"_monsterinsights_sitenote_note":"","_monsterinsights_sitenote_category":0,"_uf_show_specific_survey":0,"_uf_disable_surveys":false},"product_cat":[25,62,61,37],"product_tag":[],"aioseo_notices":[],"jetpack_sharing_enabled":true,"_links":{"self":[{"href":"https:\/\/casadolivreiro.pt\/index.php\/wp-json\/wp\/v2\/product\/590"}],"collection":[{"href":"https:\/\/casadolivreiro.pt\/index.php\/wp-json\/wp\/v2\/product"}],"about":[{"href":"https:\/\/casadolivreiro.pt\/index.php\/wp-json\/wp\/v2\/types\/product"}],"replies":[{"embeddable":true,"href":"https:\/\/casadolivreiro.pt\/index.php\/wp-json\/wp\/v2\/comments?post=590"}],"wp:featuredmedia":[{"embeddable":true,"href":"https:\/\/casadolivreiro.pt\/index.php\/wp-json\/wp\/v2\/media\/591"}],"wp:attachment":[{"href":"https:\/\/casadolivreiro.pt\/index.php\/wp-json\/wp\/v2\/media?parent=590"}],"wp:term":[{"taxonomy":"product_cat","embeddable":true,"href":"https:\/\/casadolivreiro.pt\/index.php\/wp-json\/wp\/v2\/product_cat?post=590"},{"taxonomy":"product_tag","embeddable":true,"href":"https:\/\/casadolivreiro.pt\/index.php\/wp-json\/wp\/v2\/product_tag?post=590"}],"curies":[{"name":"wp","href":"https:\/\/api.w.org\/{rel}","templated":true}]}}