{"id":5837,"date":"2026-01-16T17:18:18","date_gmt":"2026-01-16T17:18:18","guid":{"rendered":"https:\/\/casadolivreiro.pt\/?post_type=product&#038;p=5837"},"modified":"2026-01-16T17:18:18","modified_gmt":"2026-01-16T17:18:18","slug":"da-ancora-ao-leme-cristina-peres","status":"publish","type":"product","link":"https:\/\/casadolivreiro.pt\/index.php\/product\/da-ancora-ao-leme-cristina-peres\/","title":{"rendered":"DA \u00c2NCORA AO LEME &#8211; Cristina Peres"},"content":{"rendered":"<p>DA \u00c2NCORA AO LEME<\/p>\n<p>Cristina Peres<\/p>\n<p>Ano de edi\u00e7\u00e3o: 2003<\/p>\n<p>Editor: Edi\u00e7\u00e3o de autora<\/p>\n<p>Idioma: Portugu\u00eas<\/p>\n<p>Dimens\u00f5es: 14.7 x 0.7 x 21 cm<\/p>\n<p>Encaderna\u00e7\u00e3o: Capa mole<\/p>\n<p>P\u00e1ginas: 71<\/p>\n","protected":false},"excerpt":{"rendered":"<p>DA \u00c2NCORA AO LEME Cristina Peres Ano de edi\u00e7\u00e3o: 2003 Editor: Edi\u00e7\u00e3o de autora Idioma: Portugu\u00eas Dimens\u00f5es: 14.7 x 0.7 x 21 cm Encaderna\u00e7\u00e3o: Capa mole P\u00e1ginas: 71<\/p>\n","protected":false},"featured_media":5838,"comment_status":"open","ping_status":"closed","template":"","meta":{"om_disable_all_campaigns":false,"_monsterinsights_skip_tracking":false,"_monsterinsights_sitenote_active":false,"_monsterinsights_sitenote_note":"","_monsterinsights_sitenote_category":0,"_uf_show_specific_survey":0,"_uf_disable_surveys":false},"product_cat":[25,27],"product_tag":[],"aioseo_notices":[],"jetpack_sharing_enabled":true,"_links":{"self":[{"href":"https:\/\/casadolivreiro.pt\/index.php\/wp-json\/wp\/v2\/product\/5837"}],"collection":[{"href":"https:\/\/casadolivreiro.pt\/index.php\/wp-json\/wp\/v2\/product"}],"about":[{"href":"https:\/\/casadolivreiro.pt\/index.php\/wp-json\/wp\/v2\/types\/product"}],"replies":[{"embeddable":true,"href":"https:\/\/casadolivreiro.pt\/index.php\/wp-json\/wp\/v2\/comments?post=5837"}],"wp:featuredmedia":[{"embeddable":true,"href":"https:\/\/casadolivreiro.pt\/index.php\/wp-json\/wp\/v2\/media\/5838"}],"wp:attachment":[{"href":"https:\/\/casadolivreiro.pt\/index.php\/wp-json\/wp\/v2\/media?parent=5837"}],"wp:term":[{"taxonomy":"product_cat","embeddable":true,"href":"https:\/\/casadolivreiro.pt\/index.php\/wp-json\/wp\/v2\/product_cat?post=5837"},{"taxonomy":"product_tag","embeddable":true,"href":"https:\/\/casadolivreiro.pt\/index.php\/wp-json\/wp\/v2\/product_tag?post=5837"}],"curies":[{"name":"wp","href":"https:\/\/api.w.org\/{rel}","templated":true}]}}