{"id":5774,"date":"2026-01-13T20:14:42","date_gmt":"2026-01-13T20:14:42","guid":{"rendered":"https:\/\/casadolivreiro.pt\/?post_type=product&#038;p=5774"},"modified":"2026-01-13T20:14:42","modified_gmt":"2026-01-13T20:14:42","slug":"ruben-a-espera-e-um-pranto-isabel-costa","status":"publish","type":"product","link":"https:\/\/casadolivreiro.pt\/index.php\/product\/ruben-a-espera-e-um-pranto-isabel-costa\/","title":{"rendered":"R\u00daBEN: A ESPERA \u00c9 UM PRANTO &#8211; Isabel Costa"},"content":{"rendered":"<p>R\u00daBEN: A ESPERA \u00c9 UM PRANTO<\/p>\n<p>Isabel Costa<\/p>\n<p>Ano de edi\u00e7\u00e3o: 2001 (2.\u00ba edi\u00e7\u00e3o)<\/p>\n<p>Editor: Oficina do Livro, Lisboa<\/p>\n<p>Idioma: Portugu\u00eas<\/p>\n<p>Dimens\u00f5es: 15\u00a0 x 0.9 x 23 cm<\/p>\n<p>Encaderna\u00e7\u00e3o: Capa mole<\/p>\n<p>P\u00e1ginas: 134<\/p>\n","protected":false},"excerpt":{"rendered":"<p>R\u00daBEN: A ESPERA \u00c9 UM PRANTO Isabel Costa Ano de edi\u00e7\u00e3o: 2001 (2.\u00ba edi\u00e7\u00e3o) Editor: Oficina do Livro, Lisboa Idioma: Portugu\u00eas Dimens\u00f5es: 15\u00a0 x 0.9 x 23 cm Encaderna\u00e7\u00e3o: Capa mole P\u00e1ginas: 134<\/p>\n","protected":false},"featured_media":5775,"comment_status":"open","ping_status":"closed","template":"","meta":{"om_disable_all_campaigns":false,"_monsterinsights_skip_tracking":false,"_monsterinsights_sitenote_active":false,"_monsterinsights_sitenote_note":"","_monsterinsights_sitenote_category":0,"_uf_show_specific_survey":0,"_uf_disable_surveys":false},"product_cat":[47,43,36],"product_tag":[],"aioseo_notices":[],"jetpack_sharing_enabled":true,"_links":{"self":[{"href":"https:\/\/casadolivreiro.pt\/index.php\/wp-json\/wp\/v2\/product\/5774"}],"collection":[{"href":"https:\/\/casadolivreiro.pt\/index.php\/wp-json\/wp\/v2\/product"}],"about":[{"href":"https:\/\/casadolivreiro.pt\/index.php\/wp-json\/wp\/v2\/types\/product"}],"replies":[{"embeddable":true,"href":"https:\/\/casadolivreiro.pt\/index.php\/wp-json\/wp\/v2\/comments?post=5774"}],"wp:featuredmedia":[{"embeddable":true,"href":"https:\/\/casadolivreiro.pt\/index.php\/wp-json\/wp\/v2\/media\/5775"}],"wp:attachment":[{"href":"https:\/\/casadolivreiro.pt\/index.php\/wp-json\/wp\/v2\/media?parent=5774"}],"wp:term":[{"taxonomy":"product_cat","embeddable":true,"href":"https:\/\/casadolivreiro.pt\/index.php\/wp-json\/wp\/v2\/product_cat?post=5774"},{"taxonomy":"product_tag","embeddable":true,"href":"https:\/\/casadolivreiro.pt\/index.php\/wp-json\/wp\/v2\/product_tag?post=5774"}],"curies":[{"name":"wp","href":"https:\/\/api.w.org\/{rel}","templated":true}]}}