{"id":5764,"date":"2026-01-13T19:59:40","date_gmt":"2026-01-13T19:59:40","guid":{"rendered":"https:\/\/casadolivreiro.pt\/?post_type=product&#038;p=5764"},"modified":"2026-01-13T19:59:40","modified_gmt":"2026-01-13T19:59:40","slug":"visoes-octavio-dos-santos","status":"publish","type":"product","link":"https:\/\/casadolivreiro.pt\/index.php\/product\/visoes-octavio-dos-santos\/","title":{"rendered":"VIS\u00d5ES &#8211; Oct\u00e1vio dos Santos"},"content":{"rendered":"<p>VIS\u00d5ES<\/p>\n<p>Oct\u00e1vio dos Santos<\/p>\n<p>Ano de edi\u00e7\u00e3o: 2003 (1.\u00ba edi\u00e7\u00e3o)<\/p>\n<p>Editor: Hugin Editores, Lisboa<\/p>\n<p>Idioma: Portugu\u00eas<\/p>\n<p>Dimens\u00f5es: 15\u00a0 x 1 x 23 cm<\/p>\n<p>Encaderna\u00e7\u00e3o: Capa mole<\/p>\n<p>P\u00e1ginas: 161<\/p>\n","protected":false},"excerpt":{"rendered":"<p>VIS\u00d5ES Oct\u00e1vio dos Santos Ano de edi\u00e7\u00e3o: 2003 (1.\u00ba edi\u00e7\u00e3o) Editor: Hugin Editores, Lisboa Idioma: Portugu\u00eas Dimens\u00f5es: 15\u00a0 x 1 x 23 cm Encaderna\u00e7\u00e3o: Capa mole P\u00e1ginas: 161<\/p>\n","protected":false},"featured_media":5765,"comment_status":"open","ping_status":"closed","template":"","meta":{"om_disable_all_campaigns":false,"_monsterinsights_skip_tracking":false,"_monsterinsights_sitenote_active":false,"_monsterinsights_sitenote_note":"","_monsterinsights_sitenote_category":0,"_uf_show_specific_survey":0,"_uf_disable_surveys":false},"product_cat":[31,47,25,61],"product_tag":[],"aioseo_notices":[],"jetpack_sharing_enabled":true,"_links":{"self":[{"href":"https:\/\/casadolivreiro.pt\/index.php\/wp-json\/wp\/v2\/product\/5764"}],"collection":[{"href":"https:\/\/casadolivreiro.pt\/index.php\/wp-json\/wp\/v2\/product"}],"about":[{"href":"https:\/\/casadolivreiro.pt\/index.php\/wp-json\/wp\/v2\/types\/product"}],"replies":[{"embeddable":true,"href":"https:\/\/casadolivreiro.pt\/index.php\/wp-json\/wp\/v2\/comments?post=5764"}],"wp:featuredmedia":[{"embeddable":true,"href":"https:\/\/casadolivreiro.pt\/index.php\/wp-json\/wp\/v2\/media\/5765"}],"wp:attachment":[{"href":"https:\/\/casadolivreiro.pt\/index.php\/wp-json\/wp\/v2\/media?parent=5764"}],"wp:term":[{"taxonomy":"product_cat","embeddable":true,"href":"https:\/\/casadolivreiro.pt\/index.php\/wp-json\/wp\/v2\/product_cat?post=5764"},{"taxonomy":"product_tag","embeddable":true,"href":"https:\/\/casadolivreiro.pt\/index.php\/wp-json\/wp\/v2\/product_tag?post=5764"}],"curies":[{"name":"wp","href":"https:\/\/api.w.org\/{rel}","templated":true}]}}