{"id":563,"date":"2024-03-14T16:05:42","date_gmt":"2024-03-14T16:05:42","guid":{"rendered":"https:\/\/casadolivreiro.pt\/?post_type=product&#038;p=563"},"modified":"2024-03-14T16:05:42","modified_gmt":"2024-03-14T16:05:42","slug":"problemas-de-microeconomia-biblioteca-pioneira-de-ciencias-sociais-marcia-stigum","status":"publish","type":"product","link":"https:\/\/casadolivreiro.pt\/index.php\/product\/problemas-de-microeconomia-biblioteca-pioneira-de-ciencias-sociais-marcia-stigum\/","title":{"rendered":"PROBLEMAS DE MICROECONOMIA Biblioteca Pioneira de Ciencias Sociais &#8211;  Marcia Stigum"},"content":{"rendered":"<p>PROBLEMAS DE MICROECONOMIA<br \/>\nBiblioteca Pioneira de Ciencias Sociais<br \/>\nMarcia Stigum<br \/>\nAno de edi\u00e7\u00e3o: 1982<br \/>\nEditor: Editora da Universidade de S\u00e3o Paulo<br \/>\nIdioma: Portugu\u00eas<br \/>\nDimens\u00f5es: 15.4 \u00a0x 1.6 x 21.5<br \/>\nEncaderna\u00e7\u00e3o: Capa mole<br \/>\nP\u00e1ginas: 288<\/p>\n","protected":false},"excerpt":{"rendered":"<p>PROBLEMAS DE MICROECONOMIA Biblioteca Pioneira de Ciencias Sociais Marcia Stigum Ano de edi\u00e7\u00e3o: 1982 Editor: Editora da Universidade de S\u00e3o Paulo Idioma: Portugu\u00eas Dimens\u00f5es: 15.4 \u00a0x 1.6 x 21.5 Encaderna\u00e7\u00e3o: Capa mole P\u00e1ginas: 288<\/p>\n","protected":false},"featured_media":564,"comment_status":"open","ping_status":"closed","template":"","meta":{"om_disable_all_campaigns":false,"_monsterinsights_skip_tracking":false,"_monsterinsights_sitenote_active":false,"_monsterinsights_sitenote_note":"","_monsterinsights_sitenote_category":0,"_uf_show_specific_survey":0,"_uf_disable_surveys":false},"product_cat":[41],"product_tag":[],"aioseo_notices":[],"jetpack_sharing_enabled":true,"_links":{"self":[{"href":"https:\/\/casadolivreiro.pt\/index.php\/wp-json\/wp\/v2\/product\/563"}],"collection":[{"href":"https:\/\/casadolivreiro.pt\/index.php\/wp-json\/wp\/v2\/product"}],"about":[{"href":"https:\/\/casadolivreiro.pt\/index.php\/wp-json\/wp\/v2\/types\/product"}],"replies":[{"embeddable":true,"href":"https:\/\/casadolivreiro.pt\/index.php\/wp-json\/wp\/v2\/comments?post=563"}],"wp:featuredmedia":[{"embeddable":true,"href":"https:\/\/casadolivreiro.pt\/index.php\/wp-json\/wp\/v2\/media\/564"}],"wp:attachment":[{"href":"https:\/\/casadolivreiro.pt\/index.php\/wp-json\/wp\/v2\/media?parent=563"}],"wp:term":[{"taxonomy":"product_cat","embeddable":true,"href":"https:\/\/casadolivreiro.pt\/index.php\/wp-json\/wp\/v2\/product_cat?post=563"},{"taxonomy":"product_tag","embeddable":true,"href":"https:\/\/casadolivreiro.pt\/index.php\/wp-json\/wp\/v2\/product_tag?post=563"}],"curies":[{"name":"wp","href":"https:\/\/api.w.org\/{rel}","templated":true}]}}