{"id":554,"date":"2024-03-14T15:42:43","date_gmt":"2024-03-14T15:42:43","guid":{"rendered":"https:\/\/casadolivreiro.pt\/?post_type=product&#038;p=554"},"modified":"2024-03-14T15:42:43","modified_gmt":"2024-03-14T15:42:43","slug":"computer-engineering-hardware-design-m-morris-mano","status":"publish","type":"product","link":"https:\/\/casadolivreiro.pt\/index.php\/product\/computer-engineering-hardware-design-m-morris-mano\/","title":{"rendered":"COMPUTER ENGINEERING: HARDWARE DESIGN M. Morris Mano"},"content":{"rendered":"<p>COMPUTER ENGINEERING: HARDWARE DESIGN<br \/>\nM. Morris Mano<br \/>\nISBN: 0-13-162710-4<br \/>\nAno de edi\u00e7\u00e3o: 1988<br \/>\nEditor: Prentice-Hall Inc. NJ, USA<br \/>\nIdioma: Ingl\u00eas<br \/>\nDimens\u00f5es: 19 x 1.8 x 23<br \/>\nEncaderna\u00e7\u00e3o: Capa mole<br \/>\nP\u00e1ginas: 434<\/p>\n","protected":false},"excerpt":{"rendered":"<p>COMPUTER ENGINEERING: HARDWARE DESIGN M. Morris Mano ISBN: 0-13-162710-4 Ano de edi\u00e7\u00e3o: 1988 Editor: Prentice-Hall Inc. NJ, USA Idioma: Ingl\u00eas Dimens\u00f5es: 19 x 1.8 x 23 Encaderna\u00e7\u00e3o: Capa mole P\u00e1ginas: 434<\/p>\n","protected":false},"featured_media":555,"comment_status":"open","ping_status":"closed","template":"","meta":{"om_disable_all_campaigns":false,"_monsterinsights_skip_tracking":false,"_monsterinsights_sitenote_active":false,"_monsterinsights_sitenote_note":"","_monsterinsights_sitenote_category":0,"_uf_show_specific_survey":0,"_uf_disable_surveys":false},"product_cat":[48,55],"product_tag":[],"aioseo_notices":[],"jetpack_sharing_enabled":true,"_links":{"self":[{"href":"https:\/\/casadolivreiro.pt\/index.php\/wp-json\/wp\/v2\/product\/554"}],"collection":[{"href":"https:\/\/casadolivreiro.pt\/index.php\/wp-json\/wp\/v2\/product"}],"about":[{"href":"https:\/\/casadolivreiro.pt\/index.php\/wp-json\/wp\/v2\/types\/product"}],"replies":[{"embeddable":true,"href":"https:\/\/casadolivreiro.pt\/index.php\/wp-json\/wp\/v2\/comments?post=554"}],"wp:featuredmedia":[{"embeddable":true,"href":"https:\/\/casadolivreiro.pt\/index.php\/wp-json\/wp\/v2\/media\/555"}],"wp:attachment":[{"href":"https:\/\/casadolivreiro.pt\/index.php\/wp-json\/wp\/v2\/media?parent=554"}],"wp:term":[{"taxonomy":"product_cat","embeddable":true,"href":"https:\/\/casadolivreiro.pt\/index.php\/wp-json\/wp\/v2\/product_cat?post=554"},{"taxonomy":"product_tag","embeddable":true,"href":"https:\/\/casadolivreiro.pt\/index.php\/wp-json\/wp\/v2\/product_tag?post=554"}],"curies":[{"name":"wp","href":"https:\/\/api.w.org\/{rel}","templated":true}]}}