{"id":539,"date":"2024-03-14T15:06:03","date_gmt":"2024-03-14T15:06:03","guid":{"rendered":"https:\/\/casadolivreiro.pt\/?post_type=product&#038;p=539"},"modified":"2025-02-24T04:49:47","modified_gmt":"2025-02-24T04:49:47","slug":"sistemas-de-construcao-volume-v-jorge-mascarenhas","status":"publish","type":"product","link":"https:\/\/casadolivreiro.pt\/index.php\/product\/sistemas-de-construcao-volume-v-jorge-mascarenhas\/","title":{"rendered":"SISTEMAS DE CONSTRU\u00c7\u00c3O, Volume V &#8211; Jorge Mascarenhas"},"content":{"rendered":"<p>SISTEMAS DE CONSTRU\u00c7\u00c3O, Volume V<br \/>\nJorge Mascarenhas<br \/>\nISBN: 972-24-1422-4<br \/>\nAno de edi\u00e7\u00e3o: 2005<br \/>\nEditor: Livros Horizonte, Lisboa<br \/>\nIdioma: Portugu\u00eas<br \/>\nDimens\u00f5es: 17 x 2 x 24 cm<br \/>\nEncaderna\u00e7\u00e3o: Capa mole<br \/>\nP\u00e1ginas: 318<\/p>\n","protected":false},"excerpt":{"rendered":"<p>SISTEMAS DE CONSTRU\u00c7\u00c3O, Volume V Jorge Mascarenhas ISBN: 972-24-1422-4 Ano de edi\u00e7\u00e3o: 2005 Editor: Livros Horizonte, Lisboa Idioma: Portugu\u00eas Dimens\u00f5es: 17 x 2 x 24 cm Encaderna\u00e7\u00e3o: Capa mole P\u00e1ginas: 318<\/p>\n","protected":false},"featured_media":540,"comment_status":"open","ping_status":"closed","template":"","meta":{"om_disable_all_campaigns":false,"_monsterinsights_skip_tracking":false,"_monsterinsights_sitenote_active":false,"_monsterinsights_sitenote_note":"","_monsterinsights_sitenote_category":0,"_uf_show_specific_survey":0,"_uf_disable_surveys":false},"product_cat":[32,47],"product_tag":[],"aioseo_notices":[],"jetpack_sharing_enabled":true,"_links":{"self":[{"href":"https:\/\/casadolivreiro.pt\/index.php\/wp-json\/wp\/v2\/product\/539"}],"collection":[{"href":"https:\/\/casadolivreiro.pt\/index.php\/wp-json\/wp\/v2\/product"}],"about":[{"href":"https:\/\/casadolivreiro.pt\/index.php\/wp-json\/wp\/v2\/types\/product"}],"replies":[{"embeddable":true,"href":"https:\/\/casadolivreiro.pt\/index.php\/wp-json\/wp\/v2\/comments?post=539"}],"wp:featuredmedia":[{"embeddable":true,"href":"https:\/\/casadolivreiro.pt\/index.php\/wp-json\/wp\/v2\/media\/540"}],"wp:attachment":[{"href":"https:\/\/casadolivreiro.pt\/index.php\/wp-json\/wp\/v2\/media?parent=539"}],"wp:term":[{"taxonomy":"product_cat","embeddable":true,"href":"https:\/\/casadolivreiro.pt\/index.php\/wp-json\/wp\/v2\/product_cat?post=539"},{"taxonomy":"product_tag","embeddable":true,"href":"https:\/\/casadolivreiro.pt\/index.php\/wp-json\/wp\/v2\/product_tag?post=539"}],"curies":[{"name":"wp","href":"https:\/\/api.w.org\/{rel}","templated":true}]}}