{"id":537,"date":"2024-03-14T15:01:23","date_gmt":"2024-03-14T15:01:23","guid":{"rendered":"https:\/\/casadolivreiro.pt\/?post_type=product&#038;p=537"},"modified":"2024-03-14T15:01:23","modified_gmt":"2024-03-14T15:01:23","slug":"roteiro-pratico-da-internet-jose-magalhaes","status":"publish","type":"product","link":"https:\/\/casadolivreiro.pt\/index.php\/product\/roteiro-pratico-da-internet-jose-magalhaes\/","title":{"rendered":"ROTEIRO PR\u00c1TICO DA INTERNET &#8211; Jos\u00e9 Magalh\u00e3es"},"content":{"rendered":"<p>ROTEIRO PR\u00c1TICO DA INTERNET<br \/>\nJos\u00e9 Magalh\u00e3es<br \/>\nISBN: 972-564-226-0<br \/>\nAno de edi\u00e7\u00e3o: 1995<br \/>\nEditor: Quetzal Editores, Lisboa<br \/>\nIdioma: Portugu\u00eas<br \/>\nDimens\u00f5es: 13 x 1.9 x 23 cm<br \/>\nEncaderna\u00e7\u00e3o: Capa mole<br \/>\nP\u00e1ginas: 272<\/p>\n","protected":false},"excerpt":{"rendered":"<p>ROTEIRO PR\u00c1TICO DA INTERNET Jos\u00e9 Magalh\u00e3es ISBN: 972-564-226-0 Ano de edi\u00e7\u00e3o: 1995 Editor: Quetzal Editores, Lisboa Idioma: Portugu\u00eas Dimens\u00f5es: 13 x 1.9 x 23 cm Encaderna\u00e7\u00e3o: Capa mole P\u00e1ginas: 272<\/p>\n","protected":false},"featured_media":538,"comment_status":"open","ping_status":"closed","template":"","meta":{"om_disable_all_campaigns":false,"_monsterinsights_skip_tracking":false,"_monsterinsights_sitenote_active":false,"_monsterinsights_sitenote_note":"","_monsterinsights_sitenote_category":0,"_uf_show_specific_survey":0,"_uf_disable_surveys":false},"product_cat":[48],"product_tag":[],"aioseo_notices":[],"jetpack_sharing_enabled":true,"_links":{"self":[{"href":"https:\/\/casadolivreiro.pt\/index.php\/wp-json\/wp\/v2\/product\/537"}],"collection":[{"href":"https:\/\/casadolivreiro.pt\/index.php\/wp-json\/wp\/v2\/product"}],"about":[{"href":"https:\/\/casadolivreiro.pt\/index.php\/wp-json\/wp\/v2\/types\/product"}],"replies":[{"embeddable":true,"href":"https:\/\/casadolivreiro.pt\/index.php\/wp-json\/wp\/v2\/comments?post=537"}],"wp:featuredmedia":[{"embeddable":true,"href":"https:\/\/casadolivreiro.pt\/index.php\/wp-json\/wp\/v2\/media\/538"}],"wp:attachment":[{"href":"https:\/\/casadolivreiro.pt\/index.php\/wp-json\/wp\/v2\/media?parent=537"}],"wp:term":[{"taxonomy":"product_cat","embeddable":true,"href":"https:\/\/casadolivreiro.pt\/index.php\/wp-json\/wp\/v2\/product_cat?post=537"},{"taxonomy":"product_tag","embeddable":true,"href":"https:\/\/casadolivreiro.pt\/index.php\/wp-json\/wp\/v2\/product_tag?post=537"}],"curies":[{"name":"wp","href":"https:\/\/api.w.org\/{rel}","templated":true}]}}