{"id":533,"date":"2024-03-14T14:52:31","date_gmt":"2024-03-14T14:52:31","guid":{"rendered":"https:\/\/casadolivreiro.pt\/?post_type=product&#038;p=533"},"modified":"2024-03-14T14:52:31","modified_gmt":"2024-03-14T14:52:31","slug":"historia-dafilosofia-a-filosofia-de-platao-a-sao-tomas-de-aquino-direccao-francois-chatelet","status":"publish","type":"product","link":"https:\/\/casadolivreiro.pt\/index.php\/product\/historia-dafilosofia-a-filosofia-de-platao-a-sao-tomas-de-aquino-direccao-francois-chatelet\/","title":{"rendered":"HIST\u00d3RIA DAFILOSOFIA: A FILOSOFIA DE PLAT\u00c3O A S\u00c3O TOM\u00c1S DE AQUINO &#8211; Direc\u00e7\u00e3o: Fran\u00e7ois Ch\u00e2telet"},"content":{"rendered":"<p>HIST\u00d3RIA DAFILOSOFIA: A FILOSOFIA DE PLAT\u00c3O A S\u00c3O TOM\u00c1S DE AQUINO<br \/>\nDirec\u00e7\u00e3o: Fran\u00e7ois Ch\u00e2telet<br \/>\nAno de edi\u00e7\u00e3o: 1980<br \/>\nEditor: Publica\u00e7\u00f5es Dom Quixote, Lisboa<br \/>\nIdioma: Portugu\u00eas<br \/>\nDimens\u00f5es: 11.5 x 1.5 x 18 cm<br \/>\nEncaderna\u00e7\u00e3o: Capa mole<br \/>\nP\u00e1ginas: 296<\/p>\n","protected":false},"excerpt":{"rendered":"<p>HIST\u00d3RIA DAFILOSOFIA: A FILOSOFIA DE PLAT\u00c3O A S\u00c3O TOM\u00c1S DE AQUINO Direc\u00e7\u00e3o: Fran\u00e7ois Ch\u00e2telet Ano de edi\u00e7\u00e3o: 1980 Editor: Publica\u00e7\u00f5es Dom Quixote, Lisboa Idioma: Portugu\u00eas Dimens\u00f5es: 11.5 x 1.5 x 18 cm Encaderna\u00e7\u00e3o: Capa mole P\u00e1ginas: 296<\/p>\n","protected":false},"featured_media":534,"comment_status":"open","ping_status":"closed","template":"","meta":{"om_disable_all_campaigns":false,"_monsterinsights_skip_tracking":false,"_monsterinsights_sitenote_active":false,"_monsterinsights_sitenote_note":"","_monsterinsights_sitenote_category":0,"_uf_show_specific_survey":0,"_uf_disable_surveys":false},"product_cat":[31,47,29],"product_tag":[],"aioseo_notices":[],"jetpack_sharing_enabled":true,"_links":{"self":[{"href":"https:\/\/casadolivreiro.pt\/index.php\/wp-json\/wp\/v2\/product\/533"}],"collection":[{"href":"https:\/\/casadolivreiro.pt\/index.php\/wp-json\/wp\/v2\/product"}],"about":[{"href":"https:\/\/casadolivreiro.pt\/index.php\/wp-json\/wp\/v2\/types\/product"}],"replies":[{"embeddable":true,"href":"https:\/\/casadolivreiro.pt\/index.php\/wp-json\/wp\/v2\/comments?post=533"}],"wp:featuredmedia":[{"embeddable":true,"href":"https:\/\/casadolivreiro.pt\/index.php\/wp-json\/wp\/v2\/media\/534"}],"wp:attachment":[{"href":"https:\/\/casadolivreiro.pt\/index.php\/wp-json\/wp\/v2\/media?parent=533"}],"wp:term":[{"taxonomy":"product_cat","embeddable":true,"href":"https:\/\/casadolivreiro.pt\/index.php\/wp-json\/wp\/v2\/product_cat?post=533"},{"taxonomy":"product_tag","embeddable":true,"href":"https:\/\/casadolivreiro.pt\/index.php\/wp-json\/wp\/v2\/product_tag?post=533"}],"curies":[{"name":"wp","href":"https:\/\/api.w.org\/{rel}","templated":true}]}}