{"id":5305,"date":"2025-04-30T11:58:27","date_gmt":"2025-04-30T11:58:27","guid":{"rendered":"https:\/\/casadolivreiro.pt\/?post_type=product&#038;p=5305"},"modified":"2025-04-30T11:58:27","modified_gmt":"2025-04-30T11:58:27","slug":"o-homem-em-busca-de-deus","status":"publish","type":"product","link":"https:\/\/casadolivreiro.pt\/index.php\/product\/o-homem-em-busca-de-deus\/","title":{"rendered":"O HOMEM EM BUSCA DE DEUS"},"content":{"rendered":"<p>O HOMEM EM BUSCA DE DEUS<\/p>\n<p>Ano de edi\u00e7\u00e3o: 1990<\/p>\n<p>Editor:\u00a0 Watchtower Bible and Tract Society of New York, Inc<\/p>\n<p>Idioma: Portugu\u00eas<\/p>\n<p>Dimens\u00f5es: 11.8 x 2 x 17<\/p>\n<p>Encaderna\u00e7\u00e3o: capa dura<\/p>\n<p>P\u00e1ginas: 378<\/p>\n","protected":false},"excerpt":{"rendered":"<p>O HOMEM EM BUSCA DE DEUS Ano de edi\u00e7\u00e3o: 1990 Editor:\u00a0 Watchtower Bible and Tract Society of New York, Inc Idioma: Portugu\u00eas Dimens\u00f5es: 11.8 x 2 x 17 Encaderna\u00e7\u00e3o: capa dura P\u00e1ginas: 378<\/p>\n","protected":false},"featured_media":5306,"comment_status":"open","ping_status":"closed","template":"","meta":{"om_disable_all_campaigns":false,"_monsterinsights_skip_tracking":false,"_monsterinsights_sitenote_active":false,"_monsterinsights_sitenote_note":"","_monsterinsights_sitenote_category":0,"_uf_show_specific_survey":0,"_uf_disable_surveys":false},"product_cat":[33],"product_tag":[],"aioseo_notices":[],"jetpack_sharing_enabled":true,"_links":{"self":[{"href":"https:\/\/casadolivreiro.pt\/index.php\/wp-json\/wp\/v2\/product\/5305"}],"collection":[{"href":"https:\/\/casadolivreiro.pt\/index.php\/wp-json\/wp\/v2\/product"}],"about":[{"href":"https:\/\/casadolivreiro.pt\/index.php\/wp-json\/wp\/v2\/types\/product"}],"replies":[{"embeddable":true,"href":"https:\/\/casadolivreiro.pt\/index.php\/wp-json\/wp\/v2\/comments?post=5305"}],"wp:featuredmedia":[{"embeddable":true,"href":"https:\/\/casadolivreiro.pt\/index.php\/wp-json\/wp\/v2\/media\/5306"}],"wp:attachment":[{"href":"https:\/\/casadolivreiro.pt\/index.php\/wp-json\/wp\/v2\/media?parent=5305"}],"wp:term":[{"taxonomy":"product_cat","embeddable":true,"href":"https:\/\/casadolivreiro.pt\/index.php\/wp-json\/wp\/v2\/product_cat?post=5305"},{"taxonomy":"product_tag","embeddable":true,"href":"https:\/\/casadolivreiro.pt\/index.php\/wp-json\/wp\/v2\/product_tag?post=5305"}],"curies":[{"name":"wp","href":"https:\/\/api.w.org\/{rel}","templated":true}]}}