{"id":5266,"date":"2025-04-29T16:18:38","date_gmt":"2025-04-29T16:18:38","guid":{"rendered":"https:\/\/casadolivreiro.pt\/?post_type=product&#038;p=5266"},"modified":"2025-04-29T16:18:38","modified_gmt":"2025-04-29T16:18:38","slug":"um-passeio-pela-floresta-andre-pozner","status":"publish","type":"product","link":"https:\/\/casadolivreiro.pt\/index.php\/product\/um-passeio-pela-floresta-andre-pozner\/","title":{"rendered":"UM PASSEIO PELA FLORESTA \u2013 Andr\u00e9 Pozner"},"content":{"rendered":"<p>UM PASSEIO PELA FLORESTA \u2013 Andr\u00e9 Pozner<\/p>\n<p>Tradu\u00e7\u00e3o de Ana Maria Sampaio Pinho<\/p>\n<p>Ano de edi\u00e7\u00e3o: 1995<\/p>\n<p>Editor:\u00a0\u00a0 Editorial Verbo, Lisboa<\/p>\n<p>Idioma: Portugu\u00eas<\/p>\n<p>Dimens\u00f5es: 14 x 0.5 x 19.8<\/p>\n<p>Encaderna\u00e7\u00e3o: capa dura<\/p>\n<p>P\u00e1ginas: 16<\/p>\n","protected":false},"excerpt":{"rendered":"<p>UM PASSEIO PELA FLORESTA \u2013 Andr\u00e9 Pozner Tradu\u00e7\u00e3o de Ana Maria Sampaio Pinho Ano de edi\u00e7\u00e3o: 1995 Editor:\u00a0\u00a0 Editorial Verbo, Lisboa Idioma: Portugu\u00eas Dimens\u00f5es: 14 x 0.5 x 19.8 Encaderna\u00e7\u00e3o: capa dura P\u00e1ginas: 16<\/p>\n","protected":false},"featured_media":5267,"comment_status":"open","ping_status":"closed","template":"","meta":{"om_disable_all_campaigns":false,"_monsterinsights_skip_tracking":false,"_monsterinsights_sitenote_active":false,"_monsterinsights_sitenote_note":"","_monsterinsights_sitenote_category":0,"_uf_show_specific_survey":0,"_uf_disable_surveys":false},"product_cat":[34],"product_tag":[],"aioseo_notices":[],"jetpack_sharing_enabled":true,"_links":{"self":[{"href":"https:\/\/casadolivreiro.pt\/index.php\/wp-json\/wp\/v2\/product\/5266"}],"collection":[{"href":"https:\/\/casadolivreiro.pt\/index.php\/wp-json\/wp\/v2\/product"}],"about":[{"href":"https:\/\/casadolivreiro.pt\/index.php\/wp-json\/wp\/v2\/types\/product"}],"replies":[{"embeddable":true,"href":"https:\/\/casadolivreiro.pt\/index.php\/wp-json\/wp\/v2\/comments?post=5266"}],"wp:featuredmedia":[{"embeddable":true,"href":"https:\/\/casadolivreiro.pt\/index.php\/wp-json\/wp\/v2\/media\/5267"}],"wp:attachment":[{"href":"https:\/\/casadolivreiro.pt\/index.php\/wp-json\/wp\/v2\/media?parent=5266"}],"wp:term":[{"taxonomy":"product_cat","embeddable":true,"href":"https:\/\/casadolivreiro.pt\/index.php\/wp-json\/wp\/v2\/product_cat?post=5266"},{"taxonomy":"product_tag","embeddable":true,"href":"https:\/\/casadolivreiro.pt\/index.php\/wp-json\/wp\/v2\/product_tag?post=5266"}],"curies":[{"name":"wp","href":"https:\/\/api.w.org\/{rel}","templated":true}]}}